CRAN Package Check Results for Package forecastSNSTS

Last updated on 2024-02-21 07:52:29 CET.

Flavor Version Tinstall Tcheck Ttotal Status Flags
r-devel-linux-x86_64-debian-clang 1.3-0 NOTE
r-devel-linux-x86_64-debian-gcc 1.3-0 30.08 28.72 58.80 NOTE
r-devel-linux-x86_64-fedora-clang 1.3-0 109.50 NOTE
r-devel-linux-x86_64-fedora-gcc 1.3-0 114.35 NOTE
r-devel-windows-x86_64 1.3-0 30.00 72.00 102.00 NOTE
r-patched-linux-x86_64 1.3-0 33.68 37.28 70.96 NOTE
r-release-linux-x86_64 1.3-0 38.78 36.84 75.62 NOTE
r-release-macos-arm64 1.3-0 31.00 NOTE
r-release-macos-x86_64 1.3-0 50.00 NOTE
r-release-windows-x86_64 1.3-0 31.00 82.00 113.00 NOTE
r-oldrel-macos-arm64 1.3-0 33.00 NOTE
r-oldrel-windows-x86_64 1.3-0 37.00 80.00 117.00 NOTE

Check Details

Version: 1.3-0
Check: LazyData
Result: NOTE 'LazyData' is specified without a 'data' directory Flavors: r-devel-linux-x86_64-debian-clang, r-devel-linux-x86_64-debian-gcc, r-devel-linux-x86_64-fedora-clang, r-devel-linux-x86_64-fedora-gcc, r-devel-windows-x86_64, r-patched-linux-x86_64, r-release-linux-x86_64, r-release-macos-arm64, r-release-macos-x86_64, r-release-windows-x86_64, r-oldrel-macos-arm64, r-oldrel-windows-x86_64