CRAN Package Check Results for Package forestChange

Last updated on 2020-05-28 15:48:01 CEST.

Flavor Version Tinstall Tcheck Ttotal Status Flags
r-devel-linux-x86_64-debian-clang 1.0 12.71 100.25 112.96 OK
r-devel-linux-x86_64-debian-gcc 1.0 9.62 76.82 86.44 OK
r-devel-linux-x86_64-fedora-clang 1.0 134.33 NOTE
r-devel-linux-x86_64-fedora-gcc 1.0 132.63 NOTE
r-devel-windows-ix86+x86_64 1.0 37.00 152.00 189.00 OK
r-patched-linux-x86_64 1.0 11.10 96.35 107.45 OK
r-patched-solaris-x86 1.0 4.30 ERROR
r-release-linux-x86_64 1.0 12.98 97.68 110.66 OK
r-release-osx-x86_64 1.0 NOTE
r-release-windows-ix86+x86_64 1.0 25.00 147.00 172.00 OK
r-oldrel-osx-x86_64 1.0 NOTE
r-oldrel-windows-ix86+x86_64 1.0 23.00 112.00 135.00 OK

Check Details

Version: 1.0
Check: dependencies in R code
Result: NOTE
    Namespace in Imports field not imported from: ‘sp’
     All declared Imports should be used.
Flavors: r-devel-linux-x86_64-fedora-clang, r-devel-linux-x86_64-fedora-gcc, r-release-osx-x86_64, r-oldrel-osx-x86_64

Version: 1.0
Check: package dependencies
Result: ERROR
    Packages required but not available: 'rgdal', 'gdalUtils'
    
    See section ‘The DESCRIPTION file’ in the ‘Writing R Extensions’
    manual.
Flavor: r-patched-solaris-x86