CRAN Package Check Results for Package forestRK

Last updated on 2024-02-29 06:54:07 CET.

Flavor Version Tinstall Tcheck Ttotal Status Flags
r-devel-linux-x86_64-debian-clang 0.0-5 12.04 147.94 159.98 OK
r-devel-linux-x86_64-debian-gcc 0.0-5 10.48 111.41 121.89 OK
r-devel-linux-x86_64-fedora-clang 0.0-5 195.33 NOTE
r-devel-linux-x86_64-fedora-gcc 0.0-5 211.82 NOTE
r-devel-windows-x86_64 0.0-5 12.00 116.00 128.00 OK
r-patched-linux-x86_64 0.0-5 13.42 144.35 157.77 OK
r-release-linux-x86_64 0.0-5 12.10 144.04 156.14 OK
r-release-macos-arm64 0.0-5 61.00 OK
r-release-macos-x86_64 0.0-5 106.00 OK
r-release-windows-x86_64 0.0-5 15.00 143.00 158.00 OK
r-oldrel-macos-arm64 0.0-5 50.00 NOTE
r-oldrel-windows-x86_64 0.0-5 16.00 147.00 163.00 OK

Check Details

Version: 0.0-5
Check: dependencies in R code
Result: NOTE Namespace in Imports field not imported from: ‘pkgKitten’ All declared Imports should be used. Flavors: r-devel-linux-x86_64-fedora-clang, r-devel-linux-x86_64-fedora-gcc, r-oldrel-macos-arm64