CRAN Package Check Results for Package formulaic

Last updated on 2020-04-09 21:48:00 CEST.

Flavor Version Tinstall Tcheck Ttotal Status Flags
r-devel-linux-x86_64-debian-clang 0.0.6 2.94 38.09 41.03 OK
r-devel-linux-x86_64-debian-gcc 0.0.6 2.52 31.97 34.49 OK
r-devel-linux-x86_64-fedora-clang 0.0.6 46.43 NOTE
r-devel-linux-x86_64-fedora-gcc 0.0.6 43.78 NOTE
r-devel-windows-ix86+x86_64 0.0.6 7.00 65.00 72.00 OK
r-devel-windows-ix86+x86_64-gcc8 0.0.6 6.00 44.00 50.00 OK
r-patched-linux-x86_64 0.0.6 3.03 37.34 40.37 OK
r-patched-osx-x86_64 0.0.6 WARN
r-patched-solaris-x86 0.0.6 63.70 WARN
r-release-linux-x86_64 0.0.6 2.47 32.81 35.28 OK
r-release-windows-ix86+x86_64 0.0.6 6.00 63.00 69.00 OK
r-release-osx-x86_64 0.0.6 WARN
r-oldrel-windows-ix86+x86_64 0.0.6 5.00 47.00 52.00 OK
r-oldrel-osx-x86_64 0.0.6 WARN

Check Details

Version: 0.0.6
Check: dependencies in R code
Result: NOTE
    Namespace in Imports field not imported from: ‘DT’
     All declared Imports should be used.
Flavors: r-devel-linux-x86_64-fedora-clang, r-devel-linux-x86_64-fedora-gcc, r-patched-osx-x86_64, r-patched-solaris-x86, r-release-osx-x86_64, r-oldrel-osx-x86_64

Version: 0.0.6
Check: re-building of vignette outputs
Result: WARN
    Error(s) in re-building vignettes:
     ...
    --- re-building ‘Introduction-to-formulaic.Rmd’ using rmarkdown
    dyld: lazy symbol binding failed: Symbol not found: ____chkstk_darwin
     Referenced from: /usr/local/bin/pandoc (which was built for Mac OS X 10.15)
     Expected in: /usr/lib/libSystem.B.dylib
    
    dyld: Symbol not found: ____chkstk_darwin
     Referenced from: /usr/local/bin/pandoc (which was built for Mac OS X 10.15)
     Expected in: /usr/lib/libSystem.B.dylib
    
    Error: processing vignette 'Introduction-to-formulaic.Rmd' failed with diagnostics:
    pandoc document conversion failed with error 6
    --- failed re-building ‘Introduction-to-formulaic.Rmd’
    
    SUMMARY: processing the following file failed:
     ‘Introduction-to-formulaic.Rmd’
    
    Error: Vignette re-building failed.
    Execution halted
Flavor: r-patched-osx-x86_64

Version: 0.0.6
Check: re-building of vignette outputs
Result: WARN
    Error(s) in re-building vignettes:
     ...
    --- re-building ‘Introduction-to-formulaic.Rmd’ using rmarkdown
    Warning in engine$weave(file, quiet = quiet, encoding = enc) :
     Pandoc (>= 1.12.3) and/or pandoc-citeproc not available. Falling back to R Markdown v1.
    Quitting from lines 127-132 (Introduction-to-formulaic.Rmd)
    Error: processing vignette 'Introduction-to-formulaic.Rmd' failed with diagnostics:
    there is no package called 'webshot'
    --- failed re-building ‘Introduction-to-formulaic.Rmd’
    
    SUMMARY: processing the following file failed:
     ‘Introduction-to-formulaic.Rmd’
    
    Error: Vignette re-building failed.
    Execution halted
Flavor: r-patched-solaris-x86

Version: 0.0.6
Check: re-building of vignette outputs
Result: WARN
    Error(s) in re-building vignettes:
     ...
    --- re-building ‘Introduction-to-formulaic.Rmd’ using rmarkdown
    Warning in engine$weave(file, quiet = quiet, encoding = enc) :
     Pandoc (>= 1.12.3) and/or pandoc-citeproc not available. Falling back to R Markdown v1.
    Quitting from lines 127-132 (Introduction-to-formulaic.Rmd)
    Error: processing vignette 'Introduction-to-formulaic.Rmd' failed with diagnostics:
    cannot open the connection
    --- failed re-building ‘Introduction-to-formulaic.Rmd’
    
    SUMMARY: processing the following file failed:
     ‘Introduction-to-formulaic.Rmd’
    
    Error: Vignette re-building failed.
    Execution halted
Flavor: r-release-osx-x86_64

Version: 0.0.6
Check: re-building of vignette outputs
Result: WARN
    Error in re-building vignettes:
     ...
    Warning in engine$weave(file, quiet = quiet, encoding = enc) :
     Pandoc (>= 1.12.3) and/or pandoc-citeproc not available. Falling back to R Markdown v1.
    Quitting from lines 127-132 (Introduction-to-formulaic.Rmd)
    Error: processing vignette 'Introduction-to-formulaic.Rmd' failed with diagnostics:
    cannot open the connection
    Execution halted
Flavor: r-oldrel-osx-x86_64