CRAN Package Check Results for Package foto

Last updated on 2021-08-05 22:54:47 CEST.

Flavor Version Tinstall Tcheck Ttotal Status Flags
r-devel-linux-x86_64-debian-clang 1.0.0 8.31 222.76 231.07 NOTE
r-devel-linux-x86_64-debian-gcc 1.0.0 6.75 174.25 181.00 NOTE
r-devel-linux-x86_64-fedora-clang 1.0.0 292.58 NOTE
r-devel-linux-x86_64-fedora-gcc 1.0.0 284.39 NOTE
r-devel-windows-x86_64 1.0.0 16.00 233.00 249.00 NOTE
r-devel-windows-x86_64-gcc10-UCRT 1.0.0 ERROR
r-patched-linux-x86_64 1.0.0 9.32 220.22 229.54 NOTE
r-patched-solaris-x86 1.0.0 293.70 NOTE
r-release-linux-x86_64 1.0.0 8.41 218.42 226.83 NOTE
r-release-macos-arm64 1.0.0 NOTE
r-release-macos-x86_64 1.0.0 NOTE
r-release-windows-ix86+x86_64 1.0.0 19.00 230.00 249.00 NOTE
r-oldrel-macos-x86_64 1.0.0 OK
r-oldrel-windows-ix86+x86_64 1.0.0 14.00 238.00 252.00 OK

Check Details

Version: 1.0.0
Check: LazyData
Result: NOTE
     'LazyData' is specified without a 'data' directory
Flavors: r-devel-linux-x86_64-debian-clang, r-devel-linux-x86_64-debian-gcc, r-devel-linux-x86_64-fedora-clang, r-devel-linux-x86_64-fedora-gcc, r-devel-windows-x86_64, r-devel-windows-x86_64-gcc10-UCRT, r-patched-linux-x86_64, r-patched-solaris-x86, r-release-linux-x86_64, r-release-macos-arm64, r-release-macos-x86_64, r-release-windows-ix86+x86_64

Version: 1.0.0
Check: package dependencies
Result: NOTE
    Package suggested but not available for checking: 'testthat'
Flavor: r-devel-windows-x86_64-gcc10-UCRT

Version: 1.0.0
Check: tests
Result: ERROR
     Running 'testthat.r'
    Running the tests in 'tests/testthat.r' failed.
    Complete output:
     > # Run all unit tests
     >
     > # This is a wrapper around all the tests specified
     > # in the tests/testthat directory. These tests are visible
     > # to users and serve as small examples as well.
     > testthat::test_check("foto")
     Error in loadNamespace(x) : there is no package called 'testthat'
     Calls: loadNamespace -> withRestarts -> withOneRestart -> doWithOneRestart
     Execution halted
Flavor: r-devel-windows-x86_64-gcc10-UCRT