CRAN Package Check Results for Package foto

Last updated on 2021-10-24 15:01:24 CEST.

Flavor Version Tinstall Tcheck Ttotal Status Flags
r-devel-linux-x86_64-debian-clang 1.0.0 21.21 371.74 392.95 NOTE
r-devel-linux-x86_64-debian-gcc 1.0.0 19.41 273.36 292.77 NOTE
r-devel-linux-x86_64-fedora-clang 1.0.0 472.68 NOTE
r-devel-linux-x86_64-fedora-gcc 1.0.0 475.04 NOTE
r-devel-windows-x86_64 1.0.0 33.00 377.00 410.00 NOTE
r-devel-windows-x86_64-gcc10-UCRT 1.0.0 NOTE
r-patched-linux-x86_64 1.0.0 22.77 357.89 380.66 NOTE
r-patched-solaris-x86 1.0.0 297.40 NOTE
r-release-linux-x86_64 1.0.0 22.16 355.62 377.78 NOTE
r-release-macos-arm64 1.0.0 NOTE
r-release-macos-x86_64 1.0.0 NOTE
r-release-windows-ix86+x86_64 1.0.0 35.00 383.00 418.00 NOTE
r-oldrel-macos-x86_64 1.0.0 OK
r-oldrel-windows-ix86+x86_64 1.0.0 20.00 235.00 255.00 OK

Check Details

Version: 1.0.0
Check: LazyData
Result: NOTE
     'LazyData' is specified without a 'data' directory
Flavors: r-devel-linux-x86_64-debian-clang, r-devel-linux-x86_64-debian-gcc, r-devel-linux-x86_64-fedora-clang, r-devel-linux-x86_64-fedora-gcc, r-devel-windows-x86_64, r-devel-windows-x86_64-gcc10-UCRT, r-patched-linux-x86_64, r-patched-solaris-x86, r-release-linux-x86_64, r-release-macos-arm64, r-release-macos-x86_64, r-release-windows-ix86+x86_64