Last updated on 2023-06-07 16:55:30 CEST.
Flavor | Version | Tinstall | Tcheck | Ttotal | Status | Flags |
---|---|---|---|---|---|---|
r-devel-linux-x86_64-debian-clang | 0.13.0 | 4.81 | 24.92 | 29.73 | OK | |
r-devel-linux-x86_64-debian-gcc | 0.13.0 | 3.03 | 19.85 | 22.88 | OK | |
r-devel-linux-x86_64-fedora-clang | 0.13.0 | 38.06 | OK | |||
r-devel-linux-x86_64-fedora-gcc | 0.13.0 | 35.47 | OK | |||
r-devel-windows-x86_64 | 0.13.0 | 5.00 | 43.00 | 48.00 | NOTE | |
r-patched-linux-x86_64 | 0.13.0 | 3.64 | 25.06 | 28.70 | OK | |
r-release-linux-x86_64 | 0.13.0 | 3.15 | 24.68 | 27.83 | OK | |
r-release-macos-arm64 | 0.13.0 | 17.00 | OK | |||
r-release-macos-x86_64 | 0.12.0 | 23.00 | OK | |||
r-release-windows-x86_64 | 0.13.0 | 6.00 | 41.00 | 47.00 | NOTE | |
r-oldrel-macos-arm64 | 0.13.0 | 22.00 | OK | |||
r-oldrel-macos-x86_64 | 0.13.0 | 26.00 | OK | |||
r-oldrel-windows-x86_64 | 0.13.0 | 6.00 | 44.00 | 50.00 | NOTE |
Version: 0.13.0
Check: dependencies in R code
Result: NOTE
#STDOFF 2:05:08.9
#STDOFF 8:05:43.2
#STDOFF 7:36:41.7
#STDOFF -0:25:21.1
#STDOFF 1:39:49.2
#STDOFF -0:36:44.68
#STDOFF -4:56:01.6
#STDOFF -3:58:29.2
#STDOFF -4:19:18.3
#STDOFF -5:36:13.3
#STDOFF -4:56:16.4
#STDOFF 2:05:08.9
#STDOFF 8:05:43.2
#STDOFF 7:36:41.7
#STDOFF -0:25:21.1
#STDOFF 1:39:49.2
#STDOFF -0:36:44.68
#STDOFF -4:56:01.6
#STDOFF -3:58:29.2
#STDOFF -4:19:18.3
#STDOFF -5:36:13.3
#STDOFF -4:56:16.4
Flavors: r-devel-windows-x86_64, r-release-windows-x86_64, r-oldrel-windows-x86_64