Last updated on 2023-01-28 14:53:13 CET.
Flavor | Version | Tinstall | Tcheck | Ttotal | Status | Flags |
---|---|---|---|---|---|---|
r-devel-linux-x86_64-debian-clang | 1.1.0 | 35.77 | 29.37 | 65.14 | OK | |
r-devel-linux-x86_64-debian-gcc | 1.1.0 | 31.66 | 22.87 | 54.53 | NOTE | |
r-devel-linux-x86_64-fedora-clang | 1.1.0 | 100.98 | OK | |||
r-devel-linux-x86_64-fedora-gcc | 1.1.0 | 95.23 | NOTE | |||
r-devel-windows-x86_64 | 1.1.0 | 40.00 | 77.00 | 117.00 | OK | |
r-patched-linux-x86_64 | 1.1.0 | 26.90 | 28.84 | 55.74 | OK | |
r-release-linux-x86_64 | 1.1.0 | 33.60 | 29.24 | 62.84 | OK | |
r-release-macos-arm64 | 1.1.0 | 28.00 | OK | |||
r-release-macos-x86_64 | 1.1.0 | 35.00 | OK | |||
r-release-windows-x86_64 | 1.1.0 | 40.00 | 84.00 | 124.00 | OK | |
r-oldrel-macos-arm64 | 1.1.0 | 31.00 | OK | |||
r-oldrel-macos-x86_64 | 1.1.0 | 45.00 | OK | |||
r-oldrel-windows-ix86+x86_64 | 1.1.0 | 94.00 | 86.00 | 180.00 | OK |
Version: 1.1.0
Check: C++ specification
Result: NOTE
Specified C++11: please update to current default of C++17
Flavors: r-devel-linux-x86_64-debian-gcc, r-devel-linux-x86_64-fedora-gcc