CRAN Package Check Results for Package fourPNO

Last updated on 2024-02-28 00:56:20 CET.

Flavor Version Tinstall Tcheck Ttotal Status Flags
r-devel-linux-x86_64-debian-clang 1.1.0 33.01 29.94 62.95 NOTE
r-devel-linux-x86_64-debian-gcc 1.1.0 29.96 23.39 53.35 NOTE
r-devel-linux-x86_64-fedora-clang 1.1.0 102.58 NOTE
r-devel-linux-x86_64-fedora-gcc 1.1.0 102.03 NOTE
r-devel-windows-x86_64 1.1.0 29.00 69.00 98.00 NOTE
r-patched-linux-x86_64 1.1.0 37.25 29.61 66.86 NOTE
r-release-linux-x86_64 1.1.0 34.54 29.65 64.19 NOTE
r-release-macos-arm64 1.1.0 28.00 NOTE
r-release-macos-x86_64 1.1.0 46.00 NOTE
r-release-windows-x86_64 1.1.0 38.00 75.00 113.00 NOTE
r-oldrel-macos-arm64 1.1.0 29.00 OK
r-oldrel-windows-x86_64 1.1.0 37.00 74.00 111.00 OK

Check Details

Version: 1.1.0
Check: C++ specification
Result: NOTE Specified C++11: please drop specification unless essential Flavors: r-devel-linux-x86_64-debian-clang, r-devel-linux-x86_64-debian-gcc, r-devel-linux-x86_64-fedora-clang, r-devel-linux-x86_64-fedora-gcc, r-devel-windows-x86_64, r-patched-linux-x86_64, r-release-linux-x86_64, r-release-macos-arm64, r-release-macos-x86_64, r-release-windows-x86_64