CRAN Package Check Results for Package fpeek

Last updated on 2020-04-05 21:46:50 CEST.

Flavor Version Tinstall Tcheck Ttotal Status Flags
r-devel-linux-x86_64-debian-clang 0.1.1 18.97 24.72 43.69 OK
r-devel-linux-x86_64-debian-gcc 0.1.1 0.30 1.85 2.15 ERROR
r-devel-linux-x86_64-fedora-clang 0.1.1 57.86 OK
r-devel-linux-x86_64-fedora-gcc 0.1.1 52.88 OK
r-devel-windows-ix86+x86_64 0.1.1 30.00 55.00 85.00 OK
r-devel-windows-ix86+x86_64-gcc8 0.1.1 43.00 58.00 101.00 OK
r-patched-linux-x86_64 0.1.1 15.41 24.25 39.66 OK
r-patched-solaris-x86 0.1.1 69.80 OK
r-release-linux-x86_64 0.1.1 14.67 22.73 37.40 OK
r-release-windows-ix86+x86_64 0.1.1 36.00 78.00 114.00 OK
r-release-osx-x86_64 0.1.1 OK
r-oldrel-windows-ix86+x86_64 0.1.1 38.00 57.00 95.00 OK
r-oldrel-osx-x86_64 0.1.1 OK

Check Details

Version: 0.1.1
Check: whether package can be installed
Result: ERROR
    Installation failed.
Flavor: r-devel-linux-x86_64-debian-gcc