Last updated on 2022-08-09 00:52:22 CEST.
Flavor | Version | Tinstall | Tcheck | Ttotal | Status | Flags |
---|---|---|---|---|---|---|
r-devel-linux-x86_64-debian-clang | 1.0.0 | 37.86 | 91.04 | 128.90 | OK | |
r-devel-linux-x86_64-debian-gcc | 1.0.0 | 27.22 | 61.42 | 88.64 | OK | |
r-devel-linux-x86_64-fedora-clang | 1.0.0 | 168.66 | OK | |||
r-devel-linux-x86_64-fedora-gcc | 1.0.0 | 146.16 | OK | |||
r-devel-windows-x86_64 | 1.0.0 | 37.00 | 131.00 | 168.00 | OK | |
r-patched-linux-x86_64 | 1.0.0 | 29.38 | 78.40 | 107.78 | OK | |
r-release-linux-x86_64 | 1.0.0 | OK | ||||
r-release-macos-arm64 | 1.0.0 | 50.00 | OK | |||
r-release-macos-x86_64 | 1.0.0 | 70.00 | NOTE | |||
r-release-windows-x86_64 | 1.0.0 | 39.00 | 133.00 | 172.00 | OK | |
r-oldrel-macos-arm64 | 1.0.0 | 63.00 | OK | |||
r-oldrel-macos-x86_64 | 1.0.0 | 79.00 | OK | |||
r-oldrel-windows-ix86+x86_64 | 1.0.0 | 77.00 | 127.00 | 204.00 | OK |
Version: 1.0.0
Check: package dependencies
Result: NOTE
Package suggested but not available for checking: ‘pdftools’
Flavor: r-release-macos-x86_64