CRAN Package Check Results for Package fpop

Last updated on 2024-03-02 09:50:16 CET.

Flavor Version Tinstall Tcheck Ttotal Status Flags
r-devel-linux-x86_64-debian-clang 2019.08.26 9.93 20.70 30.63 NOTE
r-devel-linux-x86_64-debian-gcc 2019.08.26 7.21 16.23 23.44 NOTE
r-devel-linux-x86_64-fedora-clang 2019.08.26 55.03 NOTE
r-devel-linux-x86_64-fedora-gcc 2019.08.26 39.28 NOTE
r-devel-windows-x86_64 2019.08.26 13.00 53.00 66.00 OK
r-patched-linux-x86_64 2019.08.26 9.95 20.50 30.45 OK
r-release-linux-x86_64 2019.08.26 10.39 20.35 30.74 OK
r-release-macos-arm64 2019.08.26 19.00 OK
r-release-macos-x86_64 2019.08.26 26.00 OK
r-release-windows-x86_64 2019.08.26 13.00 57.00 70.00 OK
r-oldrel-macos-arm64 2019.08.26 20.00 OK
r-oldrel-windows-x86_64 2019.08.26 17.00 60.00 77.00 OK

Check Details

Version: 2019.08.26
Check: Rd files
Result: NOTE checkRd: (-1) Fpop.Rd:8: Lost braces; missing escapes or markup? 8 | sum_{i=1}^n (x_i-m_i)^2 + lambda * sum_{i=1}^{n-1} I(m_i != | ^ checkRd: (-1) Fpop.Rd:8: Lost braces; missing escapes or markup? 8 | sum_{i=1}^n (x_i-m_i)^2 + lambda * sum_{i=1}^{n-1} I(m_i != | ^ checkRd: (-1) Fpop.Rd:8: Lost braces; missing escapes or markup? 8 | sum_{i=1}^n (x_i-m_i)^2 + lambda * sum_{i=1}^{n-1} I(m_i != | ^ checkRd: (-1) Fpop.Rd:9: Lost braces; missing escapes or markup? 9 | m_{i+1}), where the indicator function I counts the number of | ^ Flavors: r-devel-linux-x86_64-debian-clang, r-devel-linux-x86_64-debian-gcc, r-devel-linux-x86_64-fedora-clang, r-devel-linux-x86_64-fedora-gcc