CRAN Package Check Results for Package fpow

Last updated on 2020-06-05 00:48:54 CEST.

Flavor Version Tinstall Tcheck Ttotal Status Flags
r-devel-linux-x86_64-debian-clang 0.0-2 1.98 16.35 18.33 OK
r-devel-linux-x86_64-debian-gcc 0.0-2 1.82 13.04 14.86 OK
r-devel-linux-x86_64-fedora-clang 0.0-2 31.12 NOTE
r-devel-linux-x86_64-fedora-gcc 0.0-2 22.37 NOTE
r-devel-windows-ix86+x86_64 0.0-2 11.00 42.00 53.00 OK
r-patched-linux-x86_64 0.0-2 1.86 16.18 18.04 OK
r-patched-solaris-x86 0.0-2 34.40 OK
r-release-linux-x86_64 0.0-2 2.05 16.22 18.27 OK
r-release-osx-x86_64 0.0-2 OK
r-release-windows-ix86+x86_64 0.0-2 8.00 32.00 40.00 OK
r-oldrel-osx-x86_64 0.0-2 OK
r-oldrel-windows-ix86+x86_64 0.0-2 7.00 43.00 50.00 OK

Check Details

Version: 0.0-2
Check: compiled code
Result: NOTE
    File ‘fpow/libs/fpow.so’:
     Found no calls to: ‘R_registerRoutines’, ‘R_useDynamicSymbols’
    
    It is good practice to register native routines and to disable symbol
    search.
    
    See ‘Writing portable packages’ in the ‘Writing R Extensions’ manual.
Flavors: r-devel-linux-x86_64-fedora-clang, r-devel-linux-x86_64-fedora-gcc