CRAN Package Check Results for Package fpp3

Last updated on 2020-01-17 20:46:31 CET.

Flavor Version Tinstall Tcheck Ttotal Status Flags
r-devel-linux-x86_64-debian-clang 0.1 7.25 53.50 60.75 OK
r-devel-linux-x86_64-debian-gcc 0.1 5.72 43.33 49.05 OK
r-devel-linux-x86_64-fedora-clang 0.1 76.43 NOTE
r-devel-linux-x86_64-fedora-gcc 0.1 74.43 NOTE
r-devel-windows-ix86+x86_64 0.1 31.00 94.00 125.00 OK
r-devel-windows-ix86+x86_64-gcc8 0.1 22.00 89.00 111.00 OK
r-patched-linux-x86_64 0.1 6.47 47.91 54.38 OK
r-patched-solaris-x86 0.1 113.00 NOTE
r-release-linux-x86_64 0.1 6.42 47.72 54.14 OK
r-release-windows-ix86+x86_64 0.1 22.00 110.00 132.00 OK
r-release-osx-x86_64 0.1 NOTE
r-oldrel-windows-ix86+x86_64 0.1 15.00 59.00 74.00 OK
r-oldrel-osx-x86_64 0.1 NOTE

Check Details

Version: 0.1
Check: dependencies in R code
Result: NOTE
    Namespaces in Imports field not imported from:
     ‘dplyr’ ‘fable’ ‘fabletools’ ‘feasts’ ‘ggplot2’ ‘lubridate’ ‘tibble’
     ‘tidyr’ ‘tsibble’ ‘tsibbledata’
     All declared Imports should be used.
Flavors: r-devel-linux-x86_64-fedora-clang, r-devel-linux-x86_64-fedora-gcc, r-patched-solaris-x86, r-release-osx-x86_64, r-oldrel-osx-x86_64