CRAN Package Check Results for Package fpp3

Last updated on 2020-08-13 02:50:47 CEST.

Flavor Version Tinstall Tcheck Ttotal Status Flags
r-devel-linux-x86_64-debian-clang 0.3 0.45 2.23 2.68 ERROR
r-devel-linux-x86_64-debian-gcc 0.3 6.32 45.58 51.90 OK
r-devel-linux-x86_64-fedora-clang 0.3 87.18 NOTE
r-devel-linux-x86_64-fedora-gcc 0.3 79.09 NOTE
r-devel-windows-ix86+x86_64 0.3 26.00 96.00 122.00 OK
r-patched-linux-x86_64 0.3 7.10 57.61 64.71 OK
r-patched-solaris-x86 0.3 116.20 NOTE
r-release-linux-x86_64 0.3 0.43 2.27 2.70 ERROR
r-release-macos-x86_64 0.3 NOTE
r-release-windows-ix86+x86_64 0.3 32.00 106.00 138.00 OK
r-oldrel-macos-x86_64 0.3 NOTE
r-oldrel-windows-ix86+x86_64 0.3 16.00 71.00 87.00 OK

Check Details

Version: 0.3
Check: package dependencies
Result: ERROR
    Packages required but not available:
     'fable', 'fabletools', 'feasts', 'tidyr'
    
    See section 'The DESCRIPTION file' in the 'Writing R Extensions'
    manual.
Flavors: r-devel-linux-x86_64-debian-clang, r-release-linux-x86_64

Version: 0.3
Check: dependencies in R code
Result: NOTE
    Namespaces in Imports field not imported from:
     ‘dplyr’ ‘fable’ ‘fabletools’ ‘feasts’ ‘ggplot2’ ‘lubridate’ ‘tibble’
     ‘tidyr’ ‘tsibble’ ‘tsibbledata’ ‘urca’
     All declared Imports should be used.
Flavors: r-devel-linux-x86_64-fedora-clang, r-devel-linux-x86_64-fedora-gcc, r-patched-solaris-x86, r-release-macos-x86_64, r-oldrel-macos-x86_64