CRAN Package Check Results for Package fractD

Last updated on 2024-02-24 19:50:39 CET.

Flavor Version Tinstall Tcheck Ttotal Status Flags
r-devel-linux-x86_64-debian-clang 0.1.0 2.37 50.45 52.82 NOTE
r-devel-linux-x86_64-debian-gcc 0.1.0 1.72 41.48 43.20 NOTE
r-devel-linux-x86_64-fedora-clang 0.1.0 70.67 NOTE
r-devel-linux-x86_64-fedora-gcc 0.1.0 84.15 NOTE
r-devel-windows-x86_64 0.1.0 4.00 70.00 74.00 NOTE
r-patched-linux-x86_64 0.1.0 2.51 55.03 57.54 NOTE
r-release-linux-x86_64 0.1.0 2.64 53.19 55.83 NOTE
r-release-macos-arm64 0.1.0 35.00 NOTE
r-release-macos-x86_64 0.1.0 49.00 NOTE
r-release-windows-x86_64 0.1.0 5.00 72.00 77.00 NOTE
r-oldrel-macos-arm64 0.1.0 35.00 NOTE
r-oldrel-windows-x86_64 0.1.0 5.00 78.00 83.00 NOTE

Check Details

Version: 0.1.0
Check: LazyData
Result: NOTE 'LazyData' is specified without a 'data' directory Flavors: r-devel-linux-x86_64-debian-clang, r-devel-linux-x86_64-debian-gcc, r-devel-linux-x86_64-fedora-clang, r-devel-linux-x86_64-fedora-gcc, r-devel-windows-x86_64, r-patched-linux-x86_64, r-release-linux-x86_64, r-release-macos-arm64, r-release-macos-x86_64, r-release-windows-x86_64, r-oldrel-macos-arm64, r-oldrel-windows-x86_64