CRAN Package Check Results for Package fracture

Last updated on 2023-09-26 08:04:12 CEST.

Flavor Version Tinstall Tcheck Ttotal Status Flags
r-devel-linux-x86_64-debian-clang 0.2.1 26.39 37.55 63.94 NOTE
r-devel-linux-x86_64-debian-gcc 0.2.1 16.89 28.66 45.55 NOTE
r-devel-linux-x86_64-fedora-clang 0.2.1 90.24 NOTE
r-devel-linux-x86_64-fedora-gcc 0.2.1 83.95 NOTE
r-devel-windows-x86_64 0.2.1 18.00 73.00 91.00 NOTE
r-patched-linux-x86_64 0.2.1 22.98 36.33 59.31 NOTE
r-release-linux-x86_64 0.2.1 23.60 36.60 60.20 NOTE
r-release-macos-arm64 0.2.1 27.00 NOTE
r-release-macos-x86_64 0.2.1 41.00 NOTE
r-release-windows-x86_64 0.2.1 20.00 76.00 96.00 NOTE
r-oldrel-macos-arm64 0.2.1 27.00 OK
r-oldrel-macos-x86_64 0.2.1 35.00 OK
r-oldrel-windows-x86_64 0.2.1 26.00 75.00 101.00 OK

Check Details

Version: 0.2.1
Check: C++ specification
Result: NOTE
     Specified C++11: please drop specification unless essential
Flavors: r-devel-linux-x86_64-debian-clang, r-devel-linux-x86_64-debian-gcc, r-devel-linux-x86_64-fedora-clang, r-devel-linux-x86_64-fedora-gcc, r-devel-windows-x86_64, r-patched-linux-x86_64, r-release-linux-x86_64, r-release-macos-arm64, r-release-macos-x86_64, r-release-windows-x86_64