CRAN Package Check Results for Package frailtyEM

Last updated on 2024-07-20 19:52:49 CEST.

Flavor Version Tinstall Tcheck Ttotal Status Flags
r-devel-linux-x86_64-debian-clang 1.0.1 30.34 147.67 178.01 NOTE
r-devel-linux-x86_64-debian-gcc 1.0.1 20.92 110.42 131.34 NOTE
r-devel-linux-x86_64-fedora-clang 1.0.1 250.84 NOTE
r-devel-linux-x86_64-fedora-gcc 1.0.1 241.36 NOTE
r-devel-windows-x86_64 1.0.1 31.00 154.00 185.00 NOTE
r-patched-linux-x86_64 1.0.1 31.85 141.17 173.02 NOTE
r-release-linux-x86_64 1.0.1 34.04 141.83 175.87 NOTE
r-release-macos-arm64 1.0.1 62.00 NOTE
r-release-macos-x86_64 1.0.1 107.00 NOTE
r-release-windows-x86_64 1.0.1 34.00 158.00 192.00 NOTE
r-oldrel-macos-arm64 1.0.1 78.00 NOTE
r-oldrel-macos-x86_64 1.0.1 122.00 NOTE
r-oldrel-windows-x86_64 1.0.1 44.00 181.00 225.00 NOTE

Check Details

Version: 1.0.1
Check: Rd files
Result: NOTE checkRd: (-1) emfrail_control.Rd:49: Lost braces in \itemize; meant \describe ? checkRd: (-1) emfrail_control.Rd:50: Lost braces in \itemize; meant \describe ? checkRd: (-1) emfrail_control.Rd:51: Lost braces in \itemize; meant \describe ? checkRd: (-1) emfrail_control.Rd:52: Lost braces in \itemize; meant \describe ? checkRd: (-1) emfrail_control.Rd:53-54: Lost braces in \itemize; meant \describe ? checkRd: (-1) emfrail_control.Rd:55-57: Lost braces in \itemize; meant \describe ? Flavors: r-devel-linux-x86_64-debian-clang, r-devel-linux-x86_64-debian-gcc, r-devel-linux-x86_64-fedora-clang, r-devel-linux-x86_64-fedora-gcc, r-devel-windows-x86_64, r-patched-linux-x86_64, r-release-linux-x86_64, r-release-macos-arm64, r-release-macos-x86_64, r-release-windows-x86_64

Version: 1.0.1
Check: LazyData
Result: NOTE 'LazyData' is specified without a 'data' directory Flavors: r-devel-linux-x86_64-debian-clang, r-devel-linux-x86_64-debian-gcc, r-devel-linux-x86_64-fedora-clang, r-devel-linux-x86_64-fedora-gcc, r-devel-windows-x86_64, r-patched-linux-x86_64, r-release-linux-x86_64, r-release-macos-arm64, r-release-macos-x86_64, r-release-windows-x86_64, r-oldrel-macos-arm64, r-oldrel-macos-x86_64, r-oldrel-windows-x86_64