Last updated on 2023-02-08 07:54:30 CET.
Flavor | Version | Tinstall | Tcheck | Ttotal | Status | Flags |
---|---|---|---|---|---|---|
r-devel-linux-x86_64-debian-clang | 3.5.0 | 274.71 | 328.86 | 603.57 | OK | |
r-devel-linux-x86_64-debian-gcc | 3.5.0 | 240.53 | 232.87 | 473.40 | OK | |
r-devel-linux-x86_64-fedora-clang | 3.5.0 | 745.68 | NOTE | |||
r-devel-linux-x86_64-fedora-gcc | 3.5.0 | 770.97 | OK | |||
r-devel-windows-x86_64 | 3.5.0 | 422.00 | 357.00 | 779.00 | NOTE | |
r-patched-linux-x86_64 | 3.5.0 | 226.83 | 290.28 | 517.11 | OK | |
r-release-linux-x86_64 | 3.5.0 | 218.26 | 288.90 | 507.16 | OK | |
r-release-macos-arm64 | 3.5.0 | 294.00 | NOTE | |||
r-release-macos-x86_64 | 3.5.0 | 306.00 | NOTE | |||
r-release-windows-x86_64 | 3.5.0 | 382.00 | 334.00 | 716.00 | NOTE | |
r-oldrel-macos-arm64 | 3.5.0 | 263.00 | NOTE | |||
r-oldrel-macos-x86_64 | 3.5.0 | 252.00 | NOTE | |||
r-oldrel-windows-ix86+x86_64 | 3.5.0 | 602.00 | 374.00 | 976.00 | NOTE |
Version: 3.5.0
Check: installed package size
Result: NOTE
installed size is 7.4Mb
sub-directories of 1Mb or more:
R 1.2Mb
help 2.2Mb
libs 3.0Mb
Flavors: r-devel-linux-x86_64-fedora-clang, r-devel-windows-x86_64, r-release-macos-arm64, r-release-macos-x86_64, r-release-windows-x86_64, r-oldrel-macos-arm64, r-oldrel-macos-x86_64, r-oldrel-windows-ix86+x86_64