CRAN Package Check Results for Package fredr

Last updated on 2024-02-27 04:50:37 CET.

Flavor Version Tinstall Tcheck Ttotal Status Flags
r-devel-linux-x86_64-debian-clang 2.1.0 4.13 53.63 57.76 OK
r-devel-linux-x86_64-debian-gcc 2.1.0 3.37 47.81 51.18 OK
r-devel-linux-x86_64-fedora-clang 2.1.0 83.78 NOTE
r-devel-linux-x86_64-fedora-gcc 2.1.0 89.76 NOTE
r-devel-windows-x86_64 2.1.0 5.00 77.00 82.00 OK
r-patched-linux-x86_64 2.1.0 4.51 58.63 63.14 OK
r-release-linux-x86_64 2.1.0 4.07 59.15 63.22 OK
r-release-macos-arm64 2.1.0 41.00 OK
r-release-macos-x86_64 2.1.0 55.00 OK
r-release-windows-x86_64 2.1.0 6.00 83.00 89.00 OK
r-oldrel-macos-arm64 2.1.0 34.00 NOTE
r-oldrel-windows-x86_64 2.1.0 6.00 76.00 82.00 OK

Check Details

Version: 2.1.0
Check: data for non-ASCII characters
Result: NOTE Note: found 1 marked UTF-8 string Flavors: r-devel-linux-x86_64-fedora-clang, r-devel-linux-x86_64-fedora-gcc, r-oldrel-macos-arm64