CRAN Package Check Results for Package free

Last updated on 2024-02-21 09:08:38 CET.

Flavor Version Tinstall Tcheck Ttotal Status Flags
r-devel-linux-x86_64-debian-clang 1.0.1 WARN
r-devel-linux-x86_64-debian-gcc 1.0.1 25.12 22.05 47.17 NOTE
r-devel-linux-x86_64-fedora-clang 1.0.1 83.80 NOTE
r-devel-linux-x86_64-fedora-gcc 1.0.1 80.23 NOTE
r-devel-windows-x86_64 1.0.1 26.00 63.00 89.00 NOTE
r-patched-linux-x86_64 1.0.1 27.02 27.46 54.48 NOTE
r-release-linux-x86_64 1.0.1 31.07 27.17 58.24 NOTE
r-release-macos-arm64 1.0.1 28.00 NOTE
r-release-macos-x86_64 1.0.1 41.00 NOTE
r-release-windows-x86_64 1.0.1 31.00 69.00 100.00 NOTE
r-oldrel-macos-arm64 1.0.1 25.00 OK
r-oldrel-windows-x86_64 1.0.1 31.00 67.00 98.00 OK

Check Details

Version: 1.0.1
Check: whether package can be installed
Result: WARN Found the following significant warnings: main.cpp:32:9: warning: using integer absolute value function 'abs' when argument is of floating point type [-Wabsolute-value] See ‘/home/hornik/tmp/R.check/r-devel-clang/Work/PKGS/free.Rcheck/00install.out’ for details. * used C++ compiler: ‘Debian clang version 17.0.6 (5)’ Flavor: r-devel-linux-x86_64-debian-clang

Version: 1.0.1
Check: C++ specification
Result: NOTE Specified C++11: please drop specification unless essential Flavors: r-devel-linux-x86_64-debian-clang, r-devel-linux-x86_64-debian-gcc, r-devel-linux-x86_64-fedora-clang, r-devel-linux-x86_64-fedora-gcc, r-devel-windows-x86_64, r-patched-linux-x86_64, r-release-linux-x86_64, r-release-macos-arm64, r-release-macos-x86_64, r-release-windows-x86_64