CRAN Package Check Results for Package freetypeharfbuzz

Last updated on 2019-03-21 17:49:31 CET.

Flavor Version Tinstall Tcheck Ttotal Status Flags
r-devel-linux-x86_64-debian-clang 0.2.5 158.09 17.66 175.75 OK
r-devel-linux-x86_64-debian-gcc 0.2.5 116.39 14.44 130.83 OK
r-devel-linux-x86_64-fedora-clang 0.2.5 242.65 NOTE
r-devel-linux-x86_64-fedora-gcc 0.2.5 214.84 NOTE
r-devel-windows-ix86+x86_64 0.2.5 37.00 55.00 92.00 OK
r-patched-linux-x86_64 0.2.5 135.07 16.73 151.80 OK
r-patched-solaris-x86 0.2.5 201.40 OK
r-release-linux-x86_64 0.2.5 133.26 16.56 149.82 OK
r-release-windows-ix86+x86_64 0.2.5 31.00 53.00 84.00 OK
r-release-osx-x86_64 0.2.5 NOTE
r-oldrel-windows-ix86+x86_64 0.2.5 32.00 56.00 88.00 OK
r-oldrel-osx-x86_64 0.2.5 NOTE

Additional issues

gcc-UBSAN

Check Details

Version: 0.2.5
Check: installed package size
Result: NOTE
     installed size is 6.7Mb
     sub-directories of 1Mb or more:
     libs 6.6Mb
Flavors: r-devel-linux-x86_64-fedora-clang, r-release-osx-x86_64, r-oldrel-osx-x86_64

Version: 0.2.5
Check: for GNU extensions in Makefiles
Result: NOTE
    GNU make is a SystemRequirements.
Flavors: r-devel-linux-x86_64-fedora-clang, r-devel-linux-x86_64-fedora-gcc