CRAN Package Check Results for Package freetypeharfbuzz

Last updated on 2019-05-25 13:46:54 CEST.

Flavor Version Tinstall Tcheck Ttotal Status Flags
r-devel-linux-x86_64-debian-clang 0.2.5 163.18 17.56 180.74 OK
r-devel-linux-x86_64-debian-gcc 0.2.5 111.11 14.65 125.76 OK
r-devel-linux-x86_64-fedora-clang 0.2.5 249.81 NOTE
r-devel-linux-x86_64-fedora-gcc 0.2.5 215.86 NOTE
r-devel-windows-ix86+x86_64 0.2.5 226.00 64.00 290.00 OK
r-patched-linux-x86_64 0.2.5 OK
r-patched-solaris-x86 0.2.5 211.60 OK
r-release-linux-x86_64 0.2.5 1.73 2.14 3.87 ERROR
r-release-windows-ix86+x86_64 0.2.5 32.00 46.00 78.00 OK
r-release-osx-x86_64 0.2.5 NOTE
r-oldrel-windows-ix86+x86_64 0.2.5 31.00 44.00 75.00 OK
r-oldrel-osx-x86_64 0.2.5 NOTE

Additional issues

gcc-UBSAN

Check Details

Version: 0.2.5
Check: installed package size
Result: NOTE
     installed size is 6.3Mb
     sub-directories of 1Mb or more:
     libs 6.2Mb
Flavors: r-devel-linux-x86_64-fedora-clang, r-release-osx-x86_64, r-oldrel-osx-x86_64

Version: 0.2.5
Check: for GNU extensions in Makefiles
Result: NOTE
    GNU make is a SystemRequirements.
Flavors: r-devel-linux-x86_64-fedora-clang, r-devel-linux-x86_64-fedora-gcc

Version: 0.2.5
Check: whether package can be installed
Result: ERROR
    Installation failed.
Flavor: r-release-linux-x86_64