CRAN Package Check Results for Package freqdom

Last updated on 2022-10-05 06:51:21 CEST.

Flavor Version Tinstall Tcheck Ttotal Status Flags
r-devel-linux-x86_64-debian-clang 2.0.2 3.14 43.51 46.65 NOTE
r-devel-linux-x86_64-debian-gcc 2.0.2 2.74 32.26 35.00 NOTE
r-devel-linux-x86_64-fedora-clang 2.0.2 68.35 NOTE
r-devel-linux-x86_64-fedora-gcc 2.0.3 64.87 OK
r-devel-windows-x86_64 2.0.3 30.00 73.00 103.00 OK
r-patched-linux-x86_64 2.0.2 4.00 39.30 43.30 OK
r-release-linux-x86_64 2.0.2 3.53 38.56 42.09 OK
r-release-macos-arm64 2.0.2 20.00 OK
r-release-macos-x86_64 2.0.2 28.00 OK
r-release-windows-x86_64 2.0.2 31.00 64.00 95.00 OK
r-oldrel-macos-arm64 2.0.2 21.00 OK
r-oldrel-macos-x86_64 2.0.2 28.00 OK
r-oldrel-windows-ix86+x86_64 2.0.2 7.00 63.00 70.00 OK

Check Details

Version: 2.0.2
Check: HTML version of manual
Result: NOTE
    Found the following math rendering problems:
    cov.structure.Rd:35: Can't use function '$' in math mode in ...sum_{t=1}^T X_t$ and $\hat\mu^Y...
Flavors: r-devel-linux-x86_64-debian-clang, r-devel-linux-x86_64-debian-gcc, r-devel-linux-x86_64-fedora-clang