CRAN Package Check Results for Package fresh

Last updated on 2024-04-15 16:55:44 CEST.

Flavor Version Tinstall Tcheck Ttotal Status Flags
r-devel-linux-x86_64-debian-clang 0.2.0 6.22 72.01 78.23 NOTE
r-devel-linux-x86_64-debian-gcc 0.2.0 5.81 55.04 60.85 NOTE
r-devel-linux-x86_64-fedora-clang 0.2.0 101.14 NOTE
r-devel-linux-x86_64-fedora-gcc 0.2.0 109.74 NOTE
r-prerel-macos-arm64 0.2.0 41.00 NOTE
r-prerel-windows-x86_64 0.2.0 10.00 86.00 96.00 NOTE
r-patched-linux-x86_64 0.2.0 8.15 69.36 77.51 NOTE
r-release-linux-x86_64 0.2.0 6.71 69.12 75.83 NOTE
r-release-macos-arm64 0.2.0 46.00 NOTE
r-release-macos-x86_64 0.2.0 65.00 NOTE
r-release-windows-x86_64 0.2.0 13.00 100.00 113.00 NOTE
r-oldrel-macos-arm64 0.2.0 31.00 NOTE
r-oldrel-windows-x86_64 0.2.0 13.00 97.00 110.00 NOTE

Check Details

Version: 0.2.0
Check: Rd files
Result: NOTE checkRd: (-1) adminlte_color.Rd:64: Lost braces; missing escapes or markup? 64 | defaults colors in {shinydashboard}. | ^ checkRd: (-1) adminlte_global.Rd:21: Lost braces; missing escapes or markup? 21 | global settings in {shinydashboard}. | ^ checkRd: (-1) adminlte_sidebar.Rd:61: Lost braces; missing escapes or markup? 61 | the sidebar in {shinydashboard}. | ^ checkRd: (-1) search_vars_adminlte2.Rd:15: Lost braces in \itemize; \value handles \item{}{} directly checkRd: (-1) search_vars_adminlte2.Rd:16: Lost braces in \itemize; \value handles \item{}{} directly checkRd: (-1) search_vars_bs.Rd:22: Lost braces in \itemize; \value handles \item{}{} directly checkRd: (-1) search_vars_bs.Rd:23: Lost braces in \itemize; \value handles \item{}{} directly checkRd: (-1) search_vars_bs4dash.Rd:17: Lost braces in \itemize; \value handles \item{}{} directly checkRd: (-1) search_vars_bs4dash.Rd:18: Lost braces in \itemize; \value handles \item{}{} directly checkRd: (-1) search_vars_bs4dash.Rd:19: Lost braces in \itemize; \value handles \item{}{} directly Flavors: r-devel-linux-x86_64-debian-clang, r-devel-linux-x86_64-debian-gcc, r-devel-linux-x86_64-fedora-clang, r-devel-linux-x86_64-fedora-gcc, r-prerel-macos-arm64, r-prerel-windows-x86_64, r-patched-linux-x86_64

Version: 0.2.0
Check: LazyData
Result: NOTE 'LazyData' is specified without a 'data' directory Flavors: r-devel-linux-x86_64-debian-clang, r-devel-linux-x86_64-debian-gcc, r-devel-linux-x86_64-fedora-clang, r-devel-linux-x86_64-fedora-gcc, r-prerel-macos-arm64, r-prerel-windows-x86_64, r-patched-linux-x86_64, r-release-linux-x86_64, r-release-macos-arm64, r-release-macos-x86_64, r-release-windows-x86_64, r-oldrel-macos-arm64, r-oldrel-windows-x86_64