CRAN Package Check Results for Package fresh

Last updated on 2023-03-28 09:53:45 CEST.

Flavor Version Tinstall Tcheck Ttotal Status Flags
r-devel-linux-x86_64-debian-clang 0.2.0 7.21 67.03 74.24 NOTE
r-devel-linux-x86_64-debian-gcc 0.2.0 5.35 51.25 56.60 NOTE
r-devel-linux-x86_64-fedora-clang 0.2.0 91.43 NOTE
r-devel-linux-x86_64-fedora-gcc 0.2.0 97.88 NOTE
r-devel-windows-x86_64 0.2.0 739.00 186.00 925.00 NOTE
r-patched-linux-x86_64 0.2.0 8.94 64.73 73.67 NOTE
r-release-linux-x86_64 0.2.0 7.00 64.89 71.89 NOTE
r-release-macos-arm64 0.2.0 31.00 NOTE
r-release-macos-x86_64 0.2.0 47.00 NOTE
r-release-windows-x86_64 0.2.0 909.00 128.00 1037.00 NOTE
r-oldrel-macos-arm64 0.2.0 37.00 NOTE
r-oldrel-macos-x86_64 0.2.0 58.00 NOTE
r-oldrel-windows-ix86+x86_64 0.2.0 18.00 106.00 124.00 NOTE

Check Details

Version: 0.2.0
Check: LazyData
Result: NOTE
     'LazyData' is specified without a 'data' directory
Flavors: r-devel-linux-x86_64-debian-clang, r-devel-linux-x86_64-debian-gcc, r-devel-linux-x86_64-fedora-clang, r-devel-linux-x86_64-fedora-gcc, r-devel-windows-x86_64, r-patched-linux-x86_64, r-release-linux-x86_64, r-release-macos-arm64, r-release-macos-x86_64, r-release-windows-x86_64, r-oldrel-macos-arm64, r-oldrel-macos-x86_64, r-oldrel-windows-ix86+x86_64