CRAN Package Check Results for Package friends

Last updated on 2021-01-23 05:47:03 CET.

Flavor Version Tinstall Tcheck Ttotal Status Flags
r-devel-linux-x86_64-debian-clang 0.1.0 3.81 29.46 33.27 OK
r-devel-linux-x86_64-debian-gcc 0.1.0 3.72 23.19 26.91 OK
r-devel-linux-x86_64-fedora-clang 0.1.0 49.31 NOTE
r-devel-linux-x86_64-fedora-gcc 0.1.0 38.83 NOTE
r-devel-windows-ix86+x86_64 0.1.0 9.00 42.00 51.00 OK
r-patched-linux-x86_64 0.1.0 4.15 28.03 32.18 OK
r-patched-solaris-x86 0.1.0 58.60 NOTE
r-release-linux-x86_64 0.1.0 4.53 28.16 32.69 OK
r-release-macos-x86_64 0.1.0 NOTE
r-release-windows-ix86+x86_64 0.1.0 7.00 49.00 56.00 OK
r-oldrel-macos-x86_64 0.1.0 NOTE
r-oldrel-windows-ix86+x86_64 0.1.0 6.00 32.00 38.00 OK

Check Details

Version: 0.1.0
Check: data for non-ASCII characters
Result: NOTE
     Note: found 50 marked UTF-8 strings
Flavors: r-devel-linux-x86_64-fedora-clang, r-devel-linux-x86_64-fedora-gcc, r-patched-solaris-x86, r-release-macos-x86_64, r-oldrel-macos-x86_64