CRAN Package Check Results for Package frmpd

Last updated on 2021-01-20 02:50:16 CET.

Flavor Version Tinstall Tcheck Ttotal Status Flags
r-devel-linux-x86_64-debian-clang 1.1.0 3.32 28.27 31.59 OK
r-devel-linux-x86_64-debian-gcc 1.1.0 2.33 21.44 23.77 OK
r-devel-linux-x86_64-fedora-clang 1.1.0 46.73 NOTE
r-devel-linux-x86_64-fedora-gcc 1.1.0 36.45 OK
r-devel-windows-ix86+x86_64 1.1.0 4.00 31.00 35.00 OK
r-patched-linux-x86_64 1.1.0 2.48 26.75 29.23 OK
r-patched-solaris-x86 1.1.0 49.40 OK
r-release-linux-x86_64 1.1.0 3.41 26.64 30.05 OK
r-release-macos-x86_64 1.1.0 OK
r-release-windows-ix86+x86_64 1.1.0 5.00 30.00 35.00 OK
r-oldrel-macos-x86_64 1.1.0 NOTE
r-oldrel-windows-ix86+x86_64 1.1.0 6.00 44.00 50.00 OK

Check Details

Version: 1.1.0
Check: Rd cross-references
Result: NOTE
    Undeclared packages ‘frm’, ‘frmhet’ in Rd xrefs
Flavor: r-devel-linux-x86_64-fedora-clang

Version: 1.1.0
Check: Rd cross-references
Result: NOTE
    Package unavailable to check Rd xrefs: ‘frm’
Flavor: r-oldrel-macos-x86_64