Last updated on 2023-02-08 23:57:10 CET.
Flavor | Version | Tinstall | Tcheck | Ttotal | Status | Flags |
---|---|---|---|---|---|---|
r-devel-linux-x86_64-debian-clang | 1.6.0 | 50.74 | 70.84 | 121.58 | NOTE | |
r-devel-linux-x86_64-debian-gcc | 1.6.1 | 33.80 | 52.85 | 86.65 | NOTE | |
r-devel-linux-x86_64-fedora-clang | 1.6.1 | 168.95 | NOTE | |||
r-devel-linux-x86_64-fedora-gcc | 1.6.1 | 175.25 | NOTE | |||
r-devel-windows-x86_64 | 1.6.0 | 134.00 | 124.00 | 258.00 | NOTE | |
r-patched-linux-x86_64 | 1.6.1 | 38.40 | 66.00 | 104.40 | NOTE | |
r-release-linux-x86_64 | 1.6.0 | 39.27 | 65.75 | 105.02 | WARN | |
r-release-macos-arm64 | 1.6.1 | 71.00 | NOTE | |||
r-release-macos-x86_64 | 1.6.1 | 133.00 | NOTE | |||
r-release-windows-x86_64 | 1.6.0 | 398.00 | 105.00 | 503.00 | WARN | |
r-oldrel-macos-arm64 | 1.6.1 | 74.00 | NOTE | |||
r-oldrel-macos-x86_64 | 1.6.1 | 139.00 | NOTE | |||
r-oldrel-windows-ix86+x86_64 | 1.6.1 | 136.00 | 20.00 | 156.00 | ERROR |
Version: 1.6.0
Check: for GNU extensions in Makefiles
Result: NOTE
GNU make is a SystemRequirements.
Flavors: r-devel-linux-x86_64-debian-clang, r-devel-windows-x86_64, r-release-linux-x86_64, r-release-windows-x86_64
Version: 1.6.1
Check: for GNU extensions in Makefiles
Result: NOTE
GNU make is a SystemRequirements.
Flavors: r-devel-linux-x86_64-debian-gcc, r-devel-linux-x86_64-fedora-clang, r-devel-linux-x86_64-fedora-gcc, r-patched-linux-x86_64, r-release-macos-arm64, r-release-macos-x86_64, r-oldrel-macos-arm64, r-oldrel-macos-x86_64
Version: 1.6.0
Check: C++ specification
Result: NOTE
Specified C++11: please update to current default of C++17
Flavor: r-devel-windows-x86_64
Version: 1.6.0
Check: whether package can be installed
Result: WARN
Found the following significant warnings:
./src/uv-common.h:61:3: warning: ISO C90 forbids mixed declarations and code [-Wdeclaration-after-statement]
Flavor: r-release-linux-x86_64
Version: 1.6.0
Check: whether package can be installed
Result: WARN
Found the following significant warnings:
src/win/winapi.h:4159:6: warning: ISO C99 doesn't support unnamed structs/unions [-Wpedantic]
src/win/winapi.h:4167:4: warning: ISO C99 doesn't support unnamed structs/unions [-Wpedantic]
Flavor: r-release-windows-x86_64
Version: 1.6.1
Check: whether package can be installed
Result: ERROR
Installation failed.
Flavor: r-oldrel-windows-ix86+x86_64