CRAN Package Check Results for Package fsbrain

Last updated on 2020-07-04 14:48:17 CEST.

Flavor Version Tinstall Tcheck Ttotal Status Flags
r-devel-linux-x86_64-debian-clang 0.3.0 13.43 188.84 202.27 OK
r-devel-linux-x86_64-debian-gcc 0.3.0 11.11 143.68 154.79 OK
r-devel-linux-x86_64-fedora-clang 0.3.0 251.18 OK
r-devel-linux-x86_64-fedora-gcc 0.3.0 239.23 OK
r-devel-windows-ix86+x86_64 0.3.0 43.00 286.00 329.00 OK
r-patched-linux-x86_64 0.3.0 14.85 183.00 197.85 OK
r-patched-solaris-x86 0.3.0 322.50 OK
r-release-linux-x86_64 0.3.0 15.21 183.54 198.75 OK
r-release-osx-x86_64 0.3.0 OK
r-release-windows-ix86+x86_64 0.3.0 28.00 226.00 254.00 OK
r-oldrel-osx-x86_64 0.3.0 WARN
r-oldrel-windows-ix86+x86_64 0.3.0 35.00 270.00 305.00 OK

Check Details

Version: 0.3.0
Check: whether package can be installed
Result: WARN
    Found the following significant warnings:
     Warning: 'rgl.init' failed, running with 'rgl.useNULL = TRUE'.
Flavor: r-oldrel-osx-x86_64