CRAN Package Check Results for Package fsbrain

Last updated on 2019-12-14 18:46:30 CET.

Flavor Version Tinstall Tcheck Ttotal Status Flags
r-devel-linux-x86_64-debian-clang 0.0.3 11.37 100.19 111.56 OK
r-devel-linux-x86_64-debian-gcc 0.0.3 9.02 75.40 84.42 OK
r-devel-linux-x86_64-fedora-clang 0.0.3 134.03 OK
r-devel-linux-x86_64-fedora-gcc 0.0.3 134.04 OK
r-devel-windows-ix86+x86_64 0.0.3 36.00 167.00 203.00 OK
r-devel-windows-ix86+x86_64-gcc8 0.0.3 24.00 131.00 155.00 OK
r-patched-linux-x86_64 0.0.3 10.11 87.56 97.67 OK
r-patched-solaris-x86 0.0.3 167.20 OK
r-release-linux-x86_64 0.0.3 8.37 87.60 95.97 OK
r-release-windows-ix86+x86_64 0.0.3 19.00 126.00 145.00 OK
r-release-osx-x86_64 0.0.3 ERROR
r-oldrel-windows-ix86+x86_64 0.0.3 15.00 118.00 133.00 OK
r-oldrel-osx-x86_64 0.0.3 ERROR

Check Details

Version: 0.0.3
Check: package dependencies
Result: ERROR
    Package required and available but unsuitable version: ‘freesurferformats’
    
    See section ‘The DESCRIPTION file’ in the ‘Writing R Extensions’
    manual.
Flavors: r-release-osx-x86_64, r-oldrel-osx-x86_64