CRAN Package Check Results for Package fscaret

Last updated on 2024-02-26 20:53:49 CET.

Flavor Version Tinstall Tcheck Ttotal Status Flags
r-devel-linux-x86_64-debian-clang 0.9.4.4 18.27 132.67 150.94 NOTE
r-devel-linux-x86_64-debian-gcc 0.9.4.4 14.81 112.71 127.52 NOTE
r-devel-linux-x86_64-fedora-clang 0.9.4.4 NOTE
r-devel-linux-x86_64-fedora-gcc 0.9.4.4 235.79 NOTE
r-devel-windows-x86_64 0.9.4.4 15.00 130.00 145.00 NOTE
r-patched-linux-x86_64 0.9.4.4 13.21 146.78 159.99 NOTE
r-release-linux-x86_64 0.9.4.4 11.25 145.34 156.59 NOTE
r-release-macos-arm64 0.9.4.4 73.00 NOTE
r-release-macos-x86_64 0.9.4.4 122.00 NOTE
r-release-windows-x86_64 0.9.4.4 19.00 157.00 176.00 NOTE
r-oldrel-macos-arm64 0.9.4.4 61.00 NOTE
r-oldrel-windows-x86_64 0.9.4.4 21.00 157.00 178.00 NOTE

Check Details

Version: 0.9.4.4
Check: package dependencies
Result: NOTE Packages suggested but not available for checking: 'extraTrees', 'foba', 'nodeHarvest', 'obliqueRF', 'penalizedLDA', 'relaxo', 'rrlda' Flavors: r-devel-linux-x86_64-debian-clang, r-devel-linux-x86_64-debian-gcc, r-devel-linux-x86_64-fedora-clang, r-devel-linux-x86_64-fedora-gcc, r-patched-linux-x86_64, r-release-linux-x86_64

Version: 0.9.4.4
Check: package dependencies
Result: NOTE Packages suggested but not available for checking: 'extraTrees', 'foba', 'nodeHarvest', 'obliqueRF', 'relaxo', 'rrlda' Flavors: r-devel-windows-x86_64, r-release-macos-arm64, r-release-macos-x86_64, r-release-windows-x86_64, r-oldrel-windows-x86_64

Version: 0.9.4.4
Check: package dependencies
Result: NOTE Packages suggested but not available for checking: 'foba', 'rrlda' Flavor: r-oldrel-macos-arm64