CRAN Package Check Results for Package fscaret

Last updated on 2021-05-06 04:48:06 CEST.

Flavor Version Tinstall Tcheck Ttotal Status Flags
r-devel-linux-x86_64-debian-clang 0.9.4.4 17.16 138.23 155.39 NOTE
r-devel-linux-x86_64-debian-gcc 0.9.4.4 14.16 103.08 117.24 NOTE
r-devel-linux-x86_64-fedora-clang 0.9.4.4 194.67 NOTE
r-devel-linux-x86_64-fedora-gcc 0.9.4.4 181.52 NOTE
r-devel-windows-ix86+x86_64 0.9.4.4 36.00 154.00 190.00 OK
r-devel-windows-x86_64-gcc10-UCRT 0.9.4.4 NOTE
r-patched-linux-x86_64 0.9.4.4 15.72 132.22 147.94 NOTE
r-patched-solaris-x86 0.9.4.4 257.60 NOTE
r-release-linux-x86_64 0.9.4.4 14.72 126.62 141.34 NOTE
r-release-macos-x86_64 0.9.4.4 OK
r-release-windows-ix86+x86_64 0.9.4.4 29.00 119.00 148.00 OK
r-oldrel-macos-x86_64 0.9.4.4 OK
r-oldrel-windows-ix86+x86_64 0.9.4.4 30.00 153.00 183.00 OK

Check Details

Version: 0.9.4.4
Check: package dependencies
Result: NOTE
    Package suggested but not available for checking: 'foba'
Flavors: r-devel-linux-x86_64-debian-clang, r-devel-linux-x86_64-debian-gcc, r-devel-linux-x86_64-fedora-clang, r-devel-linux-x86_64-fedora-gcc, r-devel-windows-x86_64-gcc10-UCRT, r-patched-linux-x86_64, r-release-linux-x86_64

Version: 0.9.4.4
Check: package dependencies
Result: NOTE
    Packages suggested but not available for checking: 'foba', 'RWeka'
Flavor: r-patched-solaris-x86