Last updated on 2023-06-01 00:59:40 CEST.
Flavor | Version | Tinstall | Tcheck | Ttotal | Status | Flags |
---|---|---|---|---|---|---|
r-devel-linux-x86_64-debian-clang | 0.9.14 | 74.69 | 31.15 | 105.84 | NOTE | |
r-devel-linux-x86_64-debian-gcc | 0.9.14 | 56.22 | 24.02 | 80.24 | NOTE | |
r-devel-linux-x86_64-fedora-clang | 0.9.14 | 201.92 | NOTE | |||
r-devel-linux-x86_64-fedora-gcc | 0.9.14 | 159.81 | NOTE | |||
r-devel-windows-x86_64 | 0.9.14 | 100.00 | 72.00 | 172.00 | OK | |
r-patched-linux-x86_64 | 0.9.14 | NOTE | ||||
r-release-linux-x86_64 | 0.9.14 | 59.60 | 29.93 | 89.53 | NOTE | |
r-release-macos-arm64 | 0.9.14 | 48.00 | NOTE | |||
r-release-macos-x86_64 | 0.9.14 | 80.00 | NOTE | |||
r-release-windows-x86_64 | 0.9.14 | 142.00 | 80.00 | 222.00 | OK | |
r-oldrel-macos-arm64 | 0.9.14 | 45.00 | OK | |||
r-oldrel-macos-x86_64 | 0.9.14 | 56.00 | OK | |||
r-oldrel-windows-x86_64 | 0.9.14 | 127.00 | 71.00 | 198.00 | OK |
Version: 0.9.14
Check: C++ specification
Result: NOTE
Specified C++11: please drop specification unless essential
Flavors: r-devel-linux-x86_64-debian-clang, r-devel-linux-x86_64-debian-gcc, r-devel-linux-x86_64-fedora-clang, r-devel-linux-x86_64-fedora-gcc, r-patched-linux-x86_64, r-release-linux-x86_64, r-release-macos-arm64, r-release-macos-x86_64