CRAN Package Check Results for Package fstcore

Last updated on 2022-09-30 17:50:28 CEST.

Flavor Version Tinstall Tcheck Ttotal Status Flags
r-devel-linux-x86_64-debian-clang 0.9.12 74.17 31.22 105.39 OK
r-devel-linux-x86_64-debian-gcc 0.9.12 53.55 24.47 78.02 OK
r-devel-linux-x86_64-fedora-clang 0.9.12 204.37 OK
r-devel-linux-x86_64-fedora-gcc 0.9.12 157.44 OK
r-devel-windows-x86_64 0.9.12 147.00 81.00 228.00 OK
r-patched-linux-x86_64 0.9.12 61.86 30.34 92.20 OK
r-release-linux-x86_64 0.9.12 58.42 30.51 88.93 OK
r-release-macos-arm64 0.9.12 39.00 OK
r-release-macos-x86_64 0.9.12 59.00 OK
r-release-windows-x86_64 0.9.12 148.00 82.00 230.00 OK
r-oldrel-macos-arm64 0.9.12 41.00 OK
r-oldrel-macos-x86_64 0.9.12 80.00 NOTE
r-oldrel-windows-ix86+x86_64 0.9.12 297.00 83.00 380.00 OK

Check Details

Version: 0.9.12
Check: installed package size
Result: NOTE
     installed size is 7.4Mb
     sub-directories of 1Mb or more:
     libs 7.3Mb
Flavor: r-oldrel-macos-x86_64