Last updated on 2021-02-26 14:46:55 CET.
Flavor | Version | Tinstall | Tcheck | Ttotal | Status | Flags |
---|---|---|---|---|---|---|
r-devel-linux-x86_64-debian-clang | 0.9.6 | 141.12 | 29.26 | 170.38 | OK | |
r-devel-linux-x86_64-debian-gcc | 0.9.6 | 87.30 | 22.89 | 110.19 | OK | |
r-devel-linux-x86_64-fedora-clang | 0.9.6 | 257.30 | NOTE | |||
r-devel-linux-x86_64-fedora-gcc | 0.9.6 | 196.80 | OK | |||
r-devel-windows-ix86+x86_64 | 0.9.6 | 214.00 | 58.00 | 272.00 | OK | |
r-patched-linux-x86_64 | 0.9.6 | 100.77 | 27.54 | 128.31 | OK | |
r-patched-solaris-x86 | 0.9.6 | 181.90 | OK | |||
r-release-linux-x86_64 | 0.9.6 | 109.23 | 27.85 | 137.08 | OK | |
r-release-macos-x86_64 | 0.9.6 | NOTE | ||||
r-release-windows-ix86+x86_64 | 0.9.6 | 244.00 | 82.00 | 326.00 | OK | |
r-oldrel-macos-x86_64 | 0.9.6 | WARN | ||||
r-oldrel-windows-ix86+x86_64 | 0.9.6 | 198.00 | 76.00 | 274.00 | OK |
Version: 0.9.6
Check: installed package size
Result: NOTE
installed size is 7.1Mb
sub-directories of 1Mb or more:
libs 7.0Mb
Flavors: r-devel-linux-x86_64-fedora-clang, r-release-macos-x86_64, r-oldrel-macos-x86_64
Version: 0.9.6
Check: for executable files
Result: WARN
Found the following executable file:
src/fstlib/LZ4/LICENSE
Source packages should not contain undeclared executable files.
See section ‘Package structure’ in the ‘Writing R Extensions’ manual.
Flavor: r-oldrel-macos-x86_64