Last updated on 2022-06-29 02:55:11 CEST.
Flavor | Version | Tinstall | Tcheck | Ttotal | Status | Flags |
---|---|---|---|---|---|---|
r-devel-linux-x86_64-debian-clang | 0.9.12 | 73.30 | 30.70 | 104.00 | OK | |
r-devel-linux-x86_64-debian-gcc | 0.9.12 | 56.95 | 23.73 | 80.68 | OK | |
r-devel-linux-x86_64-fedora-clang | 0.9.12 | 188.41 | OK | |||
r-devel-linux-x86_64-fedora-gcc | 0.9.12 | 147.81 | OK | |||
r-devel-windows-x86_64 | 0.9.12 | 135.00 | 80.00 | 215.00 | OK | |
r-patched-linux-x86_64 | 0.9.12 | 60.21 | 29.36 | 89.57 | OK | |
r-release-linux-x86_64 | 0.9.12 | 65.64 | 30.06 | 95.70 | OK | |
r-release-macos-arm64 | 0.9.12 | 39.00 | OK | |||
r-release-macos-x86_64 | 0.9.12 | 59.00 | OK | |||
r-release-windows-x86_64 | 0.9.12 | 153.00 | 83.00 | 236.00 | OK | |
r-oldrel-macos-arm64 | 0.9.12 | 41.00 | OK | |||
r-oldrel-macos-x86_64 | 0.9.12 | 80.00 | NOTE | |||
r-oldrel-windows-ix86+x86_64 | 0.9.12 | 300.00 | 81.00 | 381.00 | OK |
Version: 0.9.12
Check: installed package size
Result: NOTE
installed size is 7.4Mb
sub-directories of 1Mb or more:
libs 7.3Mb
Flavor: r-oldrel-macos-x86_64