CRAN Package Check Results for Package ftDK

Last updated on 2019-04-23 16:50:37 CEST.

Flavor Version Tinstall Tcheck Ttotal Status Flags
r-devel-linux-x86_64-debian-clang 1.0 1.63 17.25 18.88 OK
r-devel-linux-x86_64-debian-gcc 1.0 1.30 14.20 15.50 OK
r-devel-linux-x86_64-fedora-clang 1.0 22.83 NOTE
r-devel-linux-x86_64-fedora-gcc 1.0 21.54 NOTE
r-devel-windows-ix86+x86_64 1.0 5.00 30.00 35.00 OK
r-patched-linux-x86_64 1.0 1.45 17.65 19.10 OK
r-patched-solaris-x86 1.0 35.10 NOTE
r-release-linux-x86_64 1.0 0.84 16.29 17.13 OK
r-release-windows-ix86+x86_64 1.0 2.00 40.00 42.00 OK
r-release-osx-x86_64 1.0 NOTE
r-oldrel-windows-ix86+x86_64 1.0 3.00 41.00 44.00 OK
r-oldrel-osx-x86_64 1.0 NOTE

Check Details

Version: 1.0
Check: data for non-ASCII characters
Result: NOTE
     Note: found 39 marked UTF-8 strings
Flavors: r-devel-linux-x86_64-fedora-clang, r-devel-linux-x86_64-fedora-gcc, r-patched-solaris-x86, r-release-osx-x86_64, r-oldrel-osx-x86_64