CRAN Package Check Results for Package ftDK

Last updated on 2019-06-17 10:48:12 CEST.

Flavor Version Tinstall Tcheck Ttotal Status Flags
r-devel-linux-x86_64-debian-clang 1.0 1.32 17.14 18.46 OK
r-devel-linux-x86_64-debian-gcc 1.0 1.34 14.06 15.40 OK
r-devel-linux-x86_64-fedora-clang 1.0 22.84 NOTE
r-devel-linux-x86_64-fedora-gcc 1.0 22.04 NOTE
r-devel-windows-ix86+x86_64 1.0 7.00 40.00 47.00 OK
r-patched-linux-x86_64 1.0 1.40 17.28 18.68 OK
r-patched-solaris-x86 1.0 36.60 NOTE
r-release-linux-x86_64 1.0 1.64 17.35 18.99 OK
r-release-windows-ix86+x86_64 1.0 4.00 43.00 47.00 OK
r-release-osx-x86_64 1.0 NOTE
r-oldrel-windows-ix86+x86_64 1.0 2.00 45.00 47.00 OK
r-oldrel-osx-x86_64 1.0 NOTE

Check Details

Version: 1.0
Check: data for non-ASCII characters
Result: NOTE
     Note: found 39 marked UTF-8 strings
Flavors: r-devel-linux-x86_64-fedora-clang, r-devel-linux-x86_64-fedora-gcc, r-patched-solaris-x86, r-release-osx-x86_64, r-oldrel-osx-x86_64