CRAN Package Check Results for Package ftrCOOL

Last updated on 2021-05-09 09:47:02 CEST.

Flavor Version Tinstall Tcheck Ttotal Status Flags
r-devel-linux-x86_64-debian-clang 1.1.2 17.22 174.08 191.30 NOTE
r-devel-linux-x86_64-debian-gcc 1.1.2 14.42 125.64 140.06 NOTE
r-devel-linux-x86_64-fedora-clang 1.1.2 231.34 NOTE
r-devel-linux-x86_64-fedora-gcc 1.1.2 220.80 NOTE
r-devel-windows-ix86+x86_64 1.1.2 23.00 181.00 204.00 NOTE
r-devel-windows-x86_64-gcc10-UCRT 1.1.2 NOTE
r-patched-linux-x86_64 1.1.2 18.50 168.99 187.49 NOTE
r-patched-solaris-x86 1.1.2 291.10 NOTE
r-release-linux-x86_64 1.1.2 16.64 162.30 178.94 OK
r-release-macos-x86_64 1.1.2 OK
r-release-windows-ix86+x86_64 1.1.2 21.00 137.00 158.00 OK
r-oldrel-macos-x86_64 1.1.2 OK
r-oldrel-windows-ix86+x86_64 1.1.2 29.00 187.00 216.00 OK

Check Details

Version: 1.1.2
Check: LazyData
Result: NOTE
     'LazyData' is specified without a 'data' directory
Flavors: r-devel-linux-x86_64-debian-clang, r-devel-linux-x86_64-debian-gcc, r-devel-linux-x86_64-fedora-clang, r-devel-linux-x86_64-fedora-gcc, r-devel-windows-ix86+x86_64, r-devel-windows-x86_64-gcc10-UCRT, r-patched-linux-x86_64

Version: 1.1.2
Check: installed package size
Result: NOTE
     installed size is 5.0Mb
     sub-directories of 1Mb or more:
     extdata 3.0Mb
     testForder 1.0Mb
Flavors: r-devel-linux-x86_64-fedora-clang, r-patched-solaris-x86