CRAN Package Check Results for Package fts

Last updated on 2019-08-18 04:46:12 CEST.

Flavor Version Tinstall Tcheck Ttotal Status Flags
r-devel-linux-x86_64-debian-clang 0.9.9.2 31.34 22.84 54.18 OK
r-devel-linux-x86_64-debian-gcc 0.9.9.2 27.60 18.61 46.21 OK
r-devel-linux-x86_64-fedora-clang 0.9.9.2 75.19 NOTE
r-devel-linux-x86_64-fedora-gcc 0.9.9.2 76.61 NOTE
r-devel-windows-ix86+x86_64 0.9.9.2 88.00 66.00 154.00 OK
r-patched-linux-x86_64 0.9.9.2 29.01 22.77 51.78 OK
r-patched-solaris-x86 0.9.9.2 109.00 OK
r-release-linux-x86_64 0.9.9.2 27.90 22.86 50.76 OK
r-release-windows-ix86+x86_64 0.9.9.2 89.00 73.00 162.00 OK
r-release-osx-x86_64 0.9.9.2 OK
r-oldrel-windows-ix86+x86_64 0.9.9.2 74.00 67.00 141.00 OK
r-oldrel-osx-x86_64 0.9.9.2 OK

Additional issues

clang-UBSAN gcc-UBSAN

Check Details

Version: 0.9.9.2
Check: compiled code
Result: NOTE
    File ‘fts/libs/fts.so’:
     Found no calls to: ‘R_registerRoutines’, ‘R_useDynamicSymbols’
    
    It is good practice to register native routines and to disable symbol
    search.
    
    See ‘Writing portable packages’ in the ‘Writing R Extensions’ manual.
Flavors: r-devel-linux-x86_64-fedora-clang, r-devel-linux-x86_64-fedora-gcc