CRAN Package Check Results for Package fts

Last updated on 2019-02-19 04:53:20 CET.

Flavor Version Tinstall Tcheck Ttotal Status Flags
r-devel-linux-x86_64-debian-clang 0.9.9.2 27.37 22.83 50.20 OK
r-devel-linux-x86_64-debian-gcc 0.9.9.2 24.15 18.74 42.89 OK
r-devel-linux-x86_64-fedora-clang 0.9.9.2 72.42 NOTE
r-devel-linux-x86_64-fedora-gcc 0.9.9.2 66.26 NOTE
r-devel-windows-ix86+x86_64 0.9.9.2 74.00 48.00 122.00 OK
r-patched-linux-x86_64 0.9.9.2 28.35 21.81 50.16 OK
r-patched-solaris-x86 0.9.9.2 70.30 OK
r-release-linux-x86_64 0.9.9.2 29.36 21.55 50.91 OK
r-release-windows-ix86+x86_64 0.9.9.2 57.00 68.00 125.00 OK
r-release-osx-x86_64 0.9.9.2 OK
r-oldrel-windows-ix86+x86_64 0.9.9.2 77.00 64.00 141.00 OK
r-oldrel-osx-x86_64 0.9.9.2 OK

Additional issues

clang-UBSAN gcc-UBSAN rchk

Check Details

Version: 0.9.9.2
Check: compiled code
Result: NOTE
    File ‘fts/libs/fts.so’:
     Found no calls to: ‘R_registerRoutines’, ‘R_useDynamicSymbols’
    
    It is good practice to register native routines and to disable symbol
    search.
    
    See ‘Writing portable packages’ in the ‘Writing R Extensions’ manual.
Flavors: r-devel-linux-x86_64-fedora-clang, r-devel-linux-x86_64-fedora-gcc