CRAN Package Check Results for Package ftsspec

Last updated on 2021-10-19 22:53:55 CEST.

Flavor Version Tinstall Tcheck Ttotal Status Flags
r-devel-linux-x86_64-debian-clang 1.0.0 2.77 27.05 29.82 NOTE
r-devel-linux-x86_64-debian-gcc 1.0.0 2.36 20.53 22.89 NOTE
r-devel-linux-x86_64-fedora-clang 1.0.0 46.80 NOTE
r-devel-linux-x86_64-fedora-gcc 1.0.0 36.38 NOTE
r-devel-windows-x86_64 1.0.0 5.00 45.00 50.00 NOTE
r-devel-windows-x86_64-gcc10-UCRT 1.0.0 NOTE
r-patched-linux-x86_64 1.0.0 3.41 25.67 29.08 NOTE
r-patched-solaris-x86 1.0.0 53.40 NOTE
r-release-linux-x86_64 1.0.0 2.64 26.62 29.26 NOTE
r-release-macos-arm64 1.0.0 NOTE
r-release-macos-x86_64 1.0.0 NOTE
r-release-windows-ix86+x86_64 1.0.0 6.00 42.00 48.00 NOTE
r-oldrel-macos-x86_64 1.0.0 OK
r-oldrel-windows-ix86+x86_64 1.0.0 6.00 51.00 57.00 OK

Check Details

Version: 1.0.0
Check: LazyData
Result: NOTE
     'LazyData' is specified without a 'data' directory
Flavors: r-devel-linux-x86_64-debian-clang, r-devel-linux-x86_64-debian-gcc, r-devel-linux-x86_64-fedora-clang, r-devel-linux-x86_64-fedora-gcc, r-devel-windows-x86_64, r-devel-windows-x86_64-gcc10-UCRT, r-patched-linux-x86_64, r-patched-solaris-x86, r-release-linux-x86_64, r-release-macos-arm64, r-release-macos-x86_64, r-release-windows-ix86+x86_64