Last updated on 2023-06-05 11:56:48 CEST.
Flavor | Version | Tinstall | Tcheck | Ttotal | Status | Flags |
---|---|---|---|---|---|---|
r-devel-linux-x86_64-debian-clang | 1.3-8 | 11.32 | 97.06 | 108.38 | NOTE | |
r-devel-linux-x86_64-debian-gcc | 1.3-8 | 9.43 | 73.01 | 82.44 | NOTE | |
r-devel-linux-x86_64-fedora-clang | 1.3-8 | 135.44 | NOTE | |||
r-devel-linux-x86_64-fedora-gcc | 1.3-8 | 127.21 | NOTE | |||
r-devel-windows-x86_64 | 1.3-8 | 11.00 | 107.00 | 118.00 | NOTE | |
r-patched-linux-x86_64 | 1.3-8 | 13.41 | 92.46 | 105.87 | NOTE | |
r-release-linux-x86_64 | 1.3-8 | 9.28 | 93.07 | 102.35 | NOTE | |
r-release-macos-arm64 | 1.3-8 | 42.00 | NOTE | |||
r-release-macos-x86_64 | 1.3-8 | 60.00 | NOTE | |||
r-release-windows-x86_64 | 1.3-8 | 14.00 | 124.00 | 138.00 | NOTE | |
r-oldrel-macos-arm64 | 1.3-8 | 39.00 | OK | |||
r-oldrel-macos-x86_64 | 1.3-8 | 75.00 | OK | |||
r-oldrel-windows-x86_64 | 1.3-8 | 16.00 | 112.00 | 128.00 | OK |
Version: 1.3-8
Check: Rd \usage sections
Result: NOTE
S3 methods shown with full name in documentation object ‘plot.funData’:
‘plot.funData’
S3 methods shown with full name in documentation object ‘plot.irregFunData’:
‘plot.irregFunData’
S3 methods shown with full name in documentation object ‘plot.multiFunData’:
‘plot.multiFunData’
The \usage entries for S3 methods should use the \method markup and not
their full name.
See chapter ‘Writing R documentation files’ in the ‘Writing R
Extensions’ manual.
Flavors: r-devel-linux-x86_64-debian-clang, r-devel-linux-x86_64-debian-gcc, r-devel-linux-x86_64-fedora-clang, r-devel-linux-x86_64-fedora-gcc, r-devel-windows-x86_64, r-patched-linux-x86_64, r-release-linux-x86_64, r-release-macos-arm64, r-release-macos-x86_64, r-release-windows-x86_64