CRAN Package Check Results for Package funHDDC

Last updated on 2021-09-20 07:50:33 CEST.

Flavor Version Tinstall Tcheck Ttotal Status Flags
r-devel-linux-x86_64-debian-clang 2.3.1 10.30 209.06 219.36 OK
r-devel-linux-x86_64-debian-gcc 2.3.1 8.88 271.43 280.31 OK
r-devel-linux-x86_64-fedora-clang 2.3.1 259.47 OK
r-devel-linux-x86_64-fedora-gcc 2.3.1 258.52 OK
r-devel-windows-x86_64 2.3.1 11.00 198.00 209.00 OK
r-devel-windows-x86_64-gcc10-UCRT 2.3.1 ERROR
r-patched-linux-x86_64 2.3.1 15.57 198.90 214.47 OK
r-patched-solaris-x86 2.3.1 406.40 OK
r-release-linux-x86_64 2.3.1 10.39 210.01 220.40 OK
r-release-macos-arm64 2.3.1 OK
r-release-macos-x86_64 2.3.1 OK
r-release-windows-ix86+x86_64 2.3.1 25.00 180.00 205.00 OK
r-oldrel-macos-x86_64 2.3.1 OK
r-oldrel-windows-ix86+x86_64 2.3.1 24.00 585.00 609.00 OK

Check Details

Version: 2.3.1
Check: whether package can be installed
Result: WARN
    Found the following significant warnings:
     WARNING: installation-time patches will not be applied, could not get the patches index
Flavor: r-devel-windows-x86_64-gcc10-UCRT

Version: 2.3.1
Check: PDF version of manual
Result: WARN
    LaTeX errors when creating PDF version.
    This typically indicates Rd problems.
Flavor: r-devel-windows-x86_64-gcc10-UCRT

Version: 2.3.1
Check: PDF version of manual without hyperrefs or index
Result: ERROR
    Re-running with no redirection of stdout/stderr.
Flavor: r-devel-windows-x86_64-gcc10-UCRT