CRAN Package Check Results for Package funLBM

Last updated on 2024-04-22 07:50:47 CEST.

Flavor Version Tinstall Tcheck Ttotal Status Flags
r-devel-linux-x86_64-debian-clang 2.3 15.25 112.04 127.29 NOTE
r-devel-linux-x86_64-debian-gcc 2.3 8.75 81.45 90.20 NOTE
r-devel-linux-x86_64-fedora-clang 2.3 151.37 NOTE
r-devel-linux-x86_64-fedora-gcc 2.3 144.30 NOTE
r-prerel-macos-arm64 2.3 46.00 NOTE
r-prerel-windows-x86_64 2.3 13.00 99.00 112.00 NOTE
r-patched-linux-x86_64 2.3 17.37 102.12 119.49 NOTE
r-release-linux-x86_64 2.3 13.49 107.02 120.51 OK
r-release-macos-arm64 2.3 51.00 OK
r-release-macos-x86_64 2.3 67.00 OK
r-release-windows-x86_64 2.3 16.00 114.00 130.00 OK
r-oldrel-macos-arm64 2.3 48.00 OK
r-oldrel-windows-x86_64 2.3 17.00 123.00 140.00 OK

Check Details

Version: 2.3
Check: Rd files
Result: NOTE checkRd: (-1) plot.fd.Rd:69-71: Lost braces in \itemize; meant \describe ? checkRd: (-1) plot.fd.Rd:72-77: Lost braces in \itemize; meant \describe ? Flavors: r-devel-linux-x86_64-debian-clang, r-devel-linux-x86_64-debian-gcc, r-devel-linux-x86_64-fedora-clang, r-devel-linux-x86_64-fedora-gcc, r-prerel-macos-arm64, r-prerel-windows-x86_64, r-patched-linux-x86_64