CRAN Package Check Results for Package fungible

Last updated on 2019-09-23 09:50:46 CEST.

Flavor Version Tinstall Tcheck Ttotal Status Flags
r-devel-linux-x86_64-debian-clang 1.86 8.71 90.36 99.07 OK
r-devel-linux-x86_64-debian-gcc 1.86 8.31 69.03 77.34 OK
r-devel-linux-x86_64-fedora-clang 1.86 118.48 NOTE
r-devel-linux-x86_64-fedora-gcc 1.86 117.24 NOTE
r-devel-windows-ix86+x86_64 1.86 23.00 148.00 171.00 OK
r-patched-linux-x86_64 1.86 9.87 89.45 99.32 OK
r-patched-solaris-x86 1.86 157.20 NOTE
r-release-linux-x86_64 1.86 9.20 89.19 98.39 OK
r-release-windows-ix86+x86_64 1.86 24.00 149.00 173.00 OK
r-release-osx-x86_64 1.86 NOTE
r-oldrel-windows-ix86+x86_64 1.86 13.00 93.00 106.00 OK
r-oldrel-osx-x86_64 1.86 NOTE

Check Details

Version: 1.86
Check: data for non-ASCII characters
Result: NOTE
     Note: found 1 marked UTF-8 string
Flavors: r-devel-linux-x86_64-fedora-clang, r-devel-linux-x86_64-fedora-gcc, r-patched-solaris-x86, r-release-osx-x86_64, r-oldrel-osx-x86_64