CRAN Package Check Results for Package funique

Last updated on 2022-10-06 15:53:43 CEST.

Flavor Version Tinstall Tcheck Ttotal Status Flags
r-devel-linux-x86_64-debian-clang 0.0.1 2.08 23.98 26.06 NOTE
r-devel-linux-x86_64-debian-gcc 0.0.1 1.61 18.41 20.02 NOTE
r-devel-linux-x86_64-fedora-clang 0.0.1 43.52 NOTE
r-devel-linux-x86_64-fedora-gcc 0.0.1 44.14 NOTE
r-devel-windows-x86_64 0.0.1 10.00 55.00 65.00 NOTE
r-patched-linux-x86_64 0.0.1 1.92 22.42 24.34 NOTE
r-release-linux-x86_64 0.0.1 1.78 22.70 24.48 NOTE
r-release-macos-arm64 0.0.1 17.00 NOTE
r-release-macos-x86_64 0.0.1 21.00 NOTE
r-release-windows-x86_64 0.0.1 7.00 53.00 60.00 NOTE
r-oldrel-macos-arm64 0.0.1 22.00 NOTE
r-oldrel-macos-x86_64 0.0.1 31.00 NOTE
r-oldrel-windows-ix86+x86_64 0.0.1 5.00 48.00 53.00 NOTE

Check Details

Version: 0.0.1
Check: LazyData
Result: NOTE
     'LazyData' is specified without a 'data' directory
Flavors: r-devel-linux-x86_64-debian-clang, r-devel-linux-x86_64-debian-gcc, r-devel-linux-x86_64-fedora-clang, r-devel-linux-x86_64-fedora-gcc, r-devel-windows-x86_64, r-patched-linux-x86_64, r-release-linux-x86_64, r-release-macos-arm64, r-release-macos-x86_64, r-release-windows-x86_64, r-oldrel-macos-arm64, r-oldrel-macos-x86_64, r-oldrel-windows-ix86+x86_64