CRAN Package Check Results for Package funique

Last updated on 2021-09-21 19:49:14 CEST.

Flavor Version Tinstall Tcheck Ttotal Status Flags
r-devel-linux-x86_64-debian-clang 0.0.1 1.88 22.43 24.31 NOTE
r-devel-linux-x86_64-debian-gcc 0.0.1 1.51 17.98 19.49 NOTE
r-devel-linux-x86_64-fedora-clang 0.0.1 38.73 NOTE
r-devel-linux-x86_64-fedora-gcc 0.0.1 27.86 NOTE
r-devel-windows-x86_64 0.0.1 3.00 29.00 32.00 NOTE
r-devel-windows-x86_64-gcc10-UCRT 0.0.1 ERROR
r-patched-linux-x86_64 0.0.1 1.70 21.86 23.56 NOTE
r-patched-solaris-x86 0.0.1 43.60 NOTE
r-release-linux-x86_64 0.0.1 1.87 21.88 23.75 NOTE
r-release-macos-arm64 0.0.1 NOTE
r-release-macos-x86_64 0.0.1 NOTE
r-release-windows-ix86+x86_64 0.0.1 5.00 29.00 34.00 NOTE
r-oldrel-macos-x86_64 0.0.1 OK
r-oldrel-windows-ix86+x86_64 0.0.1 5.00 26.00 31.00 OK

Check Details

Version: 0.0.1
Check: LazyData
Result: NOTE
     'LazyData' is specified without a 'data' directory
Flavors: r-devel-linux-x86_64-debian-clang, r-devel-linux-x86_64-debian-gcc, r-devel-linux-x86_64-fedora-clang, r-devel-linux-x86_64-fedora-gcc, r-devel-windows-x86_64, r-devel-windows-x86_64-gcc10-UCRT, r-patched-linux-x86_64, r-patched-solaris-x86, r-release-linux-x86_64, r-release-macos-arm64, r-release-macos-x86_64, r-release-windows-ix86+x86_64

Version: 0.0.1
Check: whether package can be installed
Result: WARN
    Found the following significant warnings:
     WARNING: installation-time patches will not be applied, could not get the patches index
Flavor: r-devel-windows-x86_64-gcc10-UCRT

Version: 0.0.1
Check: PDF version of manual
Result: WARN
    LaTeX errors when creating PDF version.
    This typically indicates Rd problems.
Flavor: r-devel-windows-x86_64-gcc10-UCRT

Version: 0.0.1
Check: PDF version of manual without hyperrefs or index
Result: ERROR
    Re-running with no redirection of stdout/stderr.
Flavor: r-devel-windows-x86_64-gcc10-UCRT