CRAN Package Check Results for Package funprog

Last updated on 2024-04-24 14:53:26 CEST.

Flavor Version Tinstall Tcheck Ttotal Status Flags
r-devel-linux-x86_64-debian-clang 0.3.0 1.89 25.65 27.54 NOTE
r-devel-linux-x86_64-debian-gcc 0.3.0 1.71 19.57 21.28 NOTE
r-devel-linux-x86_64-fedora-clang 0.3.0 35.25 NOTE
r-devel-linux-x86_64-fedora-gcc 0.3.0 32.80 NOTE
r-devel-windows-x86_64 0.3.0 3.00 42.00 45.00 NOTE
r-patched-linux-x86_64 0.3.0 2.17 24.87 27.04 NOTE
r-release-linux-x86_64 0.3.0 1.80 24.49 26.29 NOTE
r-release-macos-arm64 0.3.0 16.00 NOTE
r-release-windows-x86_64 0.3.0 3.00 43.00 46.00 NOTE
r-oldrel-macos-arm64 0.3.0 19.00 NOTE
r-oldrel-macos-x86_64 0.3.0 21.00 NOTE
r-oldrel-windows-x86_64 0.3.0 3.00 40.00 43.00 NOTE

Check Details

Version: 0.3.0
Check: LazyData
Result: NOTE 'LazyData' is specified without a 'data' directory Flavors: r-devel-linux-x86_64-debian-clang, r-devel-linux-x86_64-debian-gcc, r-devel-linux-x86_64-fedora-clang, r-devel-linux-x86_64-fedora-gcc, r-devel-windows-x86_64, r-patched-linux-x86_64, r-release-linux-x86_64, r-release-macos-arm64, r-release-windows-x86_64, r-oldrel-macos-arm64, r-oldrel-macos-x86_64, r-oldrel-windows-x86_64