CRAN Package Check Results for Package funr

Last updated on 2022-05-24 06:50:41 CEST.

Flavor Version Tinstall Tcheck Ttotal Status Flags
r-devel-linux-x86_64-debian-clang 0.3.2 2.16 34.12 36.28 NOTE
r-devel-linux-x86_64-debian-gcc 0.3.2 1.75 25.81 27.56 NOTE
r-devel-linux-x86_64-fedora-clang 0.3.2 43.08 NOTE
r-devel-linux-x86_64-fedora-gcc 0.3.2 41.74 NOTE
r-devel-windows-x86_64 0.3.2 8.00 54.00 62.00 NOTE
r-patched-linux-x86_64 0.3.2 2.16 32.23 34.39 NOTE
r-release-linux-x86_64 0.3.2 NOTE
r-release-macos-arm64 0.3.2 16.00 NOTE
r-release-macos-x86_64 0.3.2 21.00 NOTE
r-release-windows-x86_64 0.3.2 10.00 56.00 66.00 NOTE
r-oldrel-macos-arm64 0.3.2 20.00 NOTE
r-oldrel-macos-x86_64 0.3.2 34.00 NOTE
r-oldrel-windows-ix86+x86_64 0.3.2 5.00 41.00 46.00 NOTE

Check Details

Version: 0.3.2
Check: LazyData
Result: NOTE
     'LazyData' is specified without a 'data' directory
Flavors: r-devel-linux-x86_64-debian-clang, r-devel-linux-x86_64-debian-gcc, r-devel-linux-x86_64-fedora-clang, r-devel-linux-x86_64-fedora-gcc, r-devel-windows-x86_64, r-patched-linux-x86_64, r-release-linux-x86_64, r-release-macos-arm64, r-release-macos-x86_64, r-release-windows-x86_64, r-oldrel-macos-arm64, r-oldrel-macos-x86_64, r-oldrel-windows-ix86+x86_64