CRAN Package Check Results for Package funrar

Last updated on 2017-06-26 06:48:54.

Flavor Version Tinstall Tcheck Ttotal Status Flags
r-devel-linux-x86_64-debian-clang 1.1.0 1.40 111.40 112.80 OK
r-devel-linux-x86_64-debian-gcc 1.1.0 1.38 119.05 120.43 OK
r-devel-linux-x86_64-fedora-clang 1.1.0 202.69 OK
r-devel-linux-x86_64-fedora-gcc 1.1.0 203.59 OK
r-devel-windows-ix86+x86_64 1.1.0 8.00 225.00 233.00 OK
r-patched-linux-x86_64 1.1.0 1.29 110.69 111.98 OK
r-patched-solaris-sparc 1.1.0 408.90 NOTE
r-patched-solaris-x86 1.1.0 88.50 NOTE
r-release-linux-x86_64 1.1.0 1.31 119.58 120.89 OK
r-release-windows-ix86+x86_64 1.1.0 5.00 245.00 250.00 OK
r-release-osx-x86_64 1.1.0 OK
r-oldrel-windows-ix86+x86_64 1.1.0 4.00 241.00 245.00 OK
r-oldrel-osx-x86_64 1.1.0 OK

Check Details

Version: 1.1.0
Check: package dependencies
Result: NOTE
    Package suggested but not available for checking: ‘microbenchmark’
Flavors: r-patched-solaris-sparc, r-patched-solaris-x86