CRAN Package Check Results for Package funrar

Last updated on 2017-04-27 15:50:16.

Flavor Version Tinstall Tcheck Ttotal Status Flags
r-devel-linux-x86_64-debian-clang 1.0.2 1.27 119.62 120.88 OK
r-devel-linux-x86_64-debian-gcc 1.0.2 1.24 114.36 115.60 OK
r-devel-linux-x86_64-fedora-clang 1.0.2 217.46 OK --no-stop-on-test-error
r-devel-linux-x86_64-fedora-gcc 1.0.2 203.10 OK --no-stop-on-test-error
r-devel-windows-ix86+x86_64 1.0.2 4.00 179.00 183.00 OK
r-patched-linux-x86_64 1.0.2 1.25 119.49 120.74 OK
r-patched-solaris-sparc 1.0.2 383.30 WARN
r-patched-solaris-x86 1.0.2 85.20 WARN
r-release-linux-x86_64 1.0.2 1.28 119.14 120.42 OK
r-release-windows-ix86+x86_64 1.0.2 5.00 202.00 207.00 OK
r-release-osx-x86_64 1.0.2 OK
r-oldrel-windows-ix86+x86_64 1.0.2 6.00 237.00 243.00 OK
r-oldrel-osx-x86_64 1.0.2 OK

Check Details

Version: 1.0.2
Check: package dependencies
Result: NOTE
    Package suggested but not available for checking: ‘microbenchmark’
Flavors: r-patched-solaris-sparc, r-patched-solaris-x86

Version: 1.0.2
Check: re-building of vignette outputs
Result: WARN
    Error in re-building vignettes:
     ...
    Warning in engine$weave(file, quiet = quiet, encoding = enc) :
     Pandoc (>= 1.12.3) and/or pandoc-citeproc not available. Falling back to R Markdown v1.
    Warning in engine$weave(file, quiet = quiet, encoding = enc) :
     Pandoc (>= 1.12.3) and/or pandoc-citeproc not available. Falling back to R Markdown v1.
    Quitting from lines 90-102 (sparse_matrices.Rmd)
    Error: processing vignette 'sparse_matrices.Rmd' failed with diagnostics:
    there is no package called 'microbenchmark'
    Execution halted
Flavors: r-patched-solaris-sparc, r-patched-solaris-x86