CRAN Package Check Results for Package funrar

Last updated on 2017-03-24 11:51:39.

Flavor Version Tinstall Tcheck Ttotal Status Flags
r-devel-linux-x86_64-debian-clang 1.0.2 1.35 121.41 122.76 OK
r-devel-linux-x86_64-debian-gcc 1.0.2 1.34 110.51 111.85 OK
r-devel-linux-x86_64-fedora-clang 1.0.2 213.60 OK --no-stop-on-test-error
r-devel-linux-x86_64-fedora-gcc 1.0.2 209.40 OK --no-stop-on-test-error
r-devel-macos-x86_64-clang 1.0.2 177.21 OK --no-stop-on-test-error
r-devel-windows-ix86+x86_64 1.0.2 5.00 185.00 190.00 OK
r-patched-linux-x86_64 1.0.2 1.26 111.57 112.83 OK
r-patched-solaris-sparc 1.0.2 383.30 WARN
r-patched-solaris-x86 1.0.2 84.60 WARN
r-release-linux-x86_64 1.0.2 1.28 108.82 110.10 OK
r-release-osx-x86_64-mavericks 1.0.2 OK
r-release-windows-ix86+x86_64 1.0.2 6.00 181.00 187.00 OK
r-oldrel-windows-ix86+x86_64 1.0.2 5.00 181.00 186.00 OK

Check Details

Version: 1.0.2
Check: package dependencies
Result: NOTE
    Package suggested but not available for checking: ‘microbenchmark’
Flavors: r-patched-solaris-sparc, r-patched-solaris-x86

Version: 1.0.2
Check: re-building of vignette outputs
Result: WARN
    Error in re-building vignettes:
     ...
    Warning in engine$weave(file, quiet = quiet, encoding = enc) :
     Pandoc (>= 1.12.3) and/or pandoc-citeproc not available. Falling back to R Markdown v1.
    Warning in engine$weave(file, quiet = quiet, encoding = enc) :
     Pandoc (>= 1.12.3) and/or pandoc-citeproc not available. Falling back to R Markdown v1.
    Quitting from lines 90-102 (sparse_matrices.Rmd)
    Error: processing vignette 'sparse_matrices.Rmd' failed with diagnostics:
    there is no package called 'microbenchmark'
    Execution halted
Flavors: r-patched-solaris-sparc, r-patched-solaris-x86