CRAN Package Check Results for Package futility

Last updated on 2020-04-08 00:47:53 CEST.

Flavor Version Tinstall Tcheck Ttotal Status Flags
r-devel-linux-x86_64-debian-clang 0.4 3.69 36.45 40.14 NOTE
r-devel-linux-x86_64-debian-gcc 0.4 2.99 28.79 31.78 NOTE
r-devel-linux-x86_64-fedora-clang 0.4 49.24 NOTE
r-devel-linux-x86_64-fedora-gcc 0.4 48.63 NOTE
r-devel-windows-ix86+x86_64 0.4 7.00 72.00 79.00 OK
r-devel-windows-ix86+x86_64-gcc8 0.4 7.00 48.00 55.00 OK
r-patched-linux-x86_64 0.4 3.22 36.03 39.25 NOTE
r-patched-solaris-x86 0.4 73.80 NOTE
r-release-linux-x86_64 0.4 3.36 33.18 36.54 OK
r-release-windows-ix86+x86_64 0.4 5.00 66.00 71.00 OK
r-release-osx-x86_64 0.4 OK
r-oldrel-windows-ix86+x86_64 0.4 5.00 49.00 54.00 OK
r-oldrel-osx-x86_64 0.4 OK

Check Details

Version: 0.4
Check: for non-standard things in the check directory
Result: NOTE
    Found the following files/directories:
     'completeTrial_byArm_eventPriorRateC3=0.001_eventPriorRateT1=0_eventPriorRateT2=0_eventPriorWt=0.5.RData'
     'completeTrial_byArm_eventPriorRateC3=0.06_eventPriorRateT1=0.03_eventPriorRateT2=0.03_eventPriorWt=0.2.RData'
     'completeTrial_byArm_eventPriorRateC3=0.06_eventPriorRateT1=0.03_eventPriorRateT2=0.03_eventPriorWt=0.4.RData'
     'completeTrial_byArm_eventPriorRateC3=0.06_eventPriorRateT1=0.03_eventPriorRateT2=0.03_eventPriorWt=0.6.RData'
     'completeTrial_pooled_eventPriorRate=0.001_eventPriorWt=0.5.RData'
     'completeTrial_pooled_eventPriorRate=0.06_eventPriorWt=0.2.RData'
     'completeTrial_pooled_eventPriorRate=0.06_eventPriorWt=0.4.RData'
     'completeTrial_pooled_eventPriorRate=0.06_eventPriorWt=0.6.RData'
     'rcdf_byArm_arm=T1_eventPriorRateC3=0.06_eventPriorRateT1=0.03_eventPriorRateT2=0.03.pdf'
     'rcdf_pooled_eventPriorRate=0.06.pdf'
Flavors: r-devel-linux-x86_64-debian-clang, r-devel-linux-x86_64-debian-gcc, r-devel-linux-x86_64-fedora-clang, r-devel-linux-x86_64-fedora-gcc, r-patched-linux-x86_64, r-patched-solaris-x86