CRAN Package Check Results for Package futility

Last updated on 2020-07-03 20:46:43 CEST.

Flavor Version Tinstall Tcheck Ttotal Status Flags
r-devel-linux-x86_64-debian-clang 0.4 3.55 37.40 40.95 NOTE
r-devel-linux-x86_64-debian-gcc 0.4 2.69 29.05 31.74 NOTE
r-devel-linux-x86_64-fedora-clang 0.4 58.09 NOTE
r-devel-linux-x86_64-fedora-gcc 0.4 49.51 NOTE
r-devel-windows-ix86+x86_64 0.4 14.00 69.00 83.00 OK
r-patched-linux-x86_64 0.4 3.75 37.32 41.07 NOTE
r-patched-solaris-x86 0.4 70.10 NOTE
r-release-linux-x86_64 0.4 3.33 37.01 40.34 NOTE
r-release-osx-x86_64 0.4 OK
r-release-windows-ix86+x86_64 0.4 8.00 66.00 74.00 OK
r-oldrel-osx-x86_64 0.4 OK
r-oldrel-windows-ix86+x86_64 0.4 5.00 62.00 67.00 OK

Check Details

Version: 0.4
Check: for non-standard things in the check directory
Result: NOTE
    Found the following files/directories:
     'completeTrial_byArm_eventPriorRateC3=0.001_eventPriorRateT1=0_eventPriorRateT2=0_eventPriorWt=0.5.RData'
     'completeTrial_byArm_eventPriorRateC3=0.06_eventPriorRateT1=0.03_eventPriorRateT2=0.03_eventPriorWt=0.2.RData'
     'completeTrial_byArm_eventPriorRateC3=0.06_eventPriorRateT1=0.03_eventPriorRateT2=0.03_eventPriorWt=0.4.RData'
     'completeTrial_byArm_eventPriorRateC3=0.06_eventPriorRateT1=0.03_eventPriorRateT2=0.03_eventPriorWt=0.6.RData'
     'completeTrial_pooled_eventPriorRate=0.001_eventPriorWt=0.5.RData'
     'completeTrial_pooled_eventPriorRate=0.06_eventPriorWt=0.2.RData'
     'completeTrial_pooled_eventPriorRate=0.06_eventPriorWt=0.4.RData'
     'completeTrial_pooled_eventPriorRate=0.06_eventPriorWt=0.6.RData'
     'rcdf_byArm_arm=T1_eventPriorRateC3=0.06_eventPriorRateT1=0.03_eventPriorRateT2=0.03.pdf'
     'rcdf_pooled_eventPriorRate=0.06.pdf'
Flavors: r-devel-linux-x86_64-debian-clang, r-devel-linux-x86_64-debian-gcc, r-devel-linux-x86_64-fedora-clang, r-devel-linux-x86_64-fedora-gcc, r-patched-linux-x86_64, r-patched-solaris-x86, r-release-linux-x86_64