CRAN Package Check Results for Package future.batchtools

Last updated on 2022-09-30 11:52:39 CEST.

Flavor Version Tinstall Tcheck Ttotal Status Flags
r-devel-linux-x86_64-debian-clang 0.10.0 6.12 334.78 340.90 OK
r-devel-linux-x86_64-debian-gcc 0.10.0 3.46 242.64 246.10 OK
r-devel-linux-x86_64-fedora-clang 0.10.0 408.28 NOTE
r-devel-linux-x86_64-fedora-gcc 0.10.0 498.57 OK
r-devel-windows-x86_64 0.10.0 85.00 368.00 453.00 OK
r-patched-linux-x86_64 0.10.0 6.75 302.84 309.59 OK
r-release-linux-x86_64 0.10.0 4.36 307.73 312.09 OK
r-release-macos-arm64 0.10.0 116.00 OK
r-release-macos-x86_64 0.10.0 191.00 OK
r-release-windows-x86_64 0.10.0 154.00 350.00 504.00 OK
r-oldrel-macos-arm64 0.10.0 140.00 OK
r-oldrel-macos-x86_64 0.10.0 185.00 OK
r-oldrel-windows-ix86+x86_64 0.10.0 13.00 340.00 353.00 OK

Check Details

Version: 0.10.0
Check: Rd cross-references
Result: NOTE
    Undeclared package ‘globals’ in Rd xrefs
Flavor: r-devel-linux-x86_64-fedora-clang