CRAN Package Check Results for Package future.batchtools

Last updated on 2021-06-17 19:51:25 CEST.

Flavor Version Tinstall Tcheck Ttotal Status Flags
r-devel-linux-x86_64-debian-clang 0.10.0 5.04 271.95 276.99 OK
r-devel-linux-x86_64-debian-gcc 0.10.0 3.59 197.63 201.22 OK
r-devel-linux-x86_64-fedora-clang 0.10.0 340.61 NOTE
r-devel-linux-x86_64-fedora-gcc 0.10.0 335.31 OK
r-devel-windows-x86_64 0.10.0 8.00 242.00 250.00 OK
r-devel-windows-x86_64-gcc10-UCRT 0.10.0 OK
r-patched-linux-x86_64 0.10.0 6.76 249.42 256.18 OK
r-patched-solaris-x86 0.10.0 485.90 OK
r-release-linux-x86_64 0.10.0 4.61 246.86 251.47 OK
r-release-macos-arm64 0.10.0 OK
r-release-macos-x86_64 0.10.0 OK
r-release-windows-ix86+x86_64 0.10.0 12.00 325.00 337.00 OK
r-oldrel-macos-x86_64 0.10.0 OK
r-oldrel-windows-ix86+x86_64 0.10.0 9.00 336.00 345.00 OK

Check Details

Version: 0.10.0
Check: Rd cross-references
Result: NOTE
    Undeclared package ‘globals’ in Rd xrefs
Flavor: r-devel-linux-x86_64-fedora-clang