Last updated on 2023-09-22 16:54:00 CEST.
Flavor | Version | Tinstall | Tcheck | Ttotal | Status | Flags |
---|---|---|---|---|---|---|
r-devel-linux-x86_64-debian-clang | 0.12.0 | 7.35 | 346.28 | 353.63 | NOTE | |
r-devel-linux-x86_64-debian-gcc | 0.12.0 | 5.12 | 252.12 | 257.24 | NOTE | |
r-devel-linux-x86_64-fedora-clang | 0.12.0 | 429.88 | NOTE | |||
r-devel-linux-x86_64-fedora-gcc | 0.12.0 | 477.79 | NOTE | |||
r-devel-windows-x86_64 | 0.12.0 | 8.00 | 271.00 | 279.00 | NOTE | |
r-patched-linux-x86_64 | 0.12.0 | 9.71 | 318.92 | 328.63 | OK | |
r-release-linux-x86_64 | 0.12.0 | 6.65 | 322.69 | 329.34 | OK | |
r-release-macos-arm64 | 0.12.0 | 154.00 | OK | |||
r-release-macos-x86_64 | 0.12.0 | 259.00 | OK | |||
r-release-windows-x86_64 | 0.12.0 | 8.00 | 319.00 | 327.00 | OK | |
r-oldrel-macos-arm64 | 0.12.0 | 130.00 | OK | |||
r-oldrel-macos-x86_64 | 0.12.0 | 213.00 | OK | |||
r-oldrel-windows-x86_64 | 0.12.0 | 10.00 | 321.00 | 331.00 | OK |
Version: 0.12.0
Check: Rd \usage sections
Result: NOTE
Documented arguments not in \usage in documentation object 'loggedOutput':
‘future’
Functions with \usage entries need to have the appropriate \alias
entries, and all their arguments documented.
The \usage entries must correspond to syntactically valid R code.
See chapter ‘Writing R documentation files’ in the ‘Writing R
Extensions’ manual.
Flavors: r-devel-linux-x86_64-debian-clang, r-devel-linux-x86_64-debian-gcc, r-devel-linux-x86_64-fedora-clang, r-devel-linux-x86_64-fedora-gcc, r-devel-windows-x86_64