CRAN Package Check Results for Package future.batchtools

Last updated on 2021-09-18 06:49:04 CEST.

Flavor Version Tinstall Tcheck Ttotal Status Flags
r-devel-linux-x86_64-debian-clang 0.10.0 4.73 278.50 283.23 OK
r-devel-linux-x86_64-debian-gcc 0.10.0 3.66 203.92 207.58 OK
r-devel-linux-x86_64-fedora-clang 0.10.0 334.56 NOTE
r-devel-linux-x86_64-fedora-gcc 0.10.0 346.77 OK
r-devel-windows-x86_64 0.10.0 7.00 344.00 351.00 OK
r-devel-windows-x86_64-gcc10-UCRT 0.10.0 OK
r-patched-linux-x86_64 0.10.0 6.88 257.11 263.99 OK
r-patched-solaris-x86 0.10.0 491.40 OK
r-release-linux-x86_64 0.10.0 4.83 258.55 263.38 OK
r-release-macos-arm64 0.10.0 OK
r-release-macos-x86_64 0.10.0 OK
r-release-windows-ix86+x86_64 0.10.0 11.00 256.00 267.00 OK
r-oldrel-macos-x86_64 0.10.0 OK
r-oldrel-windows-ix86+x86_64 0.10.0 11.00 258.00 269.00 OK

Check Details

Version: 0.10.0
Check: Rd cross-references
Result: NOTE
    Undeclared package ‘globals’ in Rd xrefs
Flavor: r-devel-linux-x86_64-fedora-clang