Last updated on 2022-05-28 19:50:49 CEST.
Flavor | Version | Tinstall | Tcheck | Ttotal | Status | Flags |
---|---|---|---|---|---|---|
r-devel-linux-x86_64-debian-clang | 0.10.0 | 5.01 | 346.20 | 351.21 | OK | |
r-devel-linux-x86_64-debian-gcc | 0.10.0 | 4.49 | 250.41 | 254.90 | OK | |
r-devel-linux-x86_64-fedora-clang | 0.10.0 | 396.02 | NOTE | |||
r-devel-linux-x86_64-fedora-gcc | 0.10.0 | 464.92 | OK | |||
r-devel-windows-x86_64 | 0.10.0 | 75.00 | 370.00 | 445.00 | OK | |
r-patched-linux-x86_64 | 0.10.0 | 9.03 | 314.12 | 323.15 | OK | |
r-release-linux-x86_64 | 0.10.0 | 5.23 | 314.93 | 320.16 | OK | |
r-release-macos-arm64 | 0.10.0 | 116.00 | OK | |||
r-release-macos-x86_64 | 0.10.0 | 191.00 | OK | |||
r-release-windows-x86_64 | 0.10.0 | 63.00 | 370.00 | 433.00 | OK | |
r-oldrel-macos-arm64 | 0.10.0 | 140.00 | OK | |||
r-oldrel-macos-x86_64 | 0.10.0 | 185.00 | OK | |||
r-oldrel-windows-ix86+x86_64 | 0.10.0 | 14.00 | 347.00 | 361.00 | OK |
Version: 0.10.0
Check: Rd cross-references
Result: NOTE
Undeclared package ‘globals’ in Rd xrefs
Flavor: r-devel-linux-x86_64-fedora-clang