Last updated on 2023-12-06 12:53:34 CET.
Flavor | Version | Tinstall | Tcheck | Ttotal | Status | Flags |
---|---|---|---|---|---|---|
r-devel-linux-x86_64-debian-clang | 1.33.0 | 11.69 | 259.53 | 271.22 | NOTE | |
r-devel-linux-x86_64-debian-gcc | 1.33.0 | 8.23 | 199.31 | 207.54 | NOTE | |
r-devel-linux-x86_64-fedora-clang | 1.33.0 | 355.31 | NOTE | |||
r-devel-linux-x86_64-fedora-gcc | 1.33.0 | 350.49 | NOTE | |||
r-devel-windows-x86_64 | 1.33.0 | 11.00 | 298.00 | 309.00 | NOTE | |
r-patched-linux-x86_64 | 1.33.0 | 12.56 | 253.41 | 265.97 | OK | |
r-release-linux-x86_64 | 1.33.0 | 7.36 | 253.83 | 261.19 | OK | |
r-release-macos-arm64 | 1.33.0 | 186.00 | OK | |||
r-release-macos-x86_64 | 1.33.0 | 389.00 | OK | |||
r-release-windows-x86_64 | 1.33.0 | 13.00 | 348.00 | 361.00 | OK | |
r-oldrel-macos-arm64 | 1.33.0 | 190.00 | OK | |||
r-oldrel-macos-x86_64 | 1.33.0 | 331.00 | OK | |||
r-oldrel-windows-x86_64 | 1.33.0 | 12.00 | 341.00 | 353.00 | OK |
Version: 1.33.0
Check: Rd files
Result: NOTE
checkRd: (-1) plan.Rd:59-62: Lost braces in \itemize; meant \describe ?
checkRd: (-1) plan.Rd:63-67: Lost braces in \itemize; meant \describe ?
checkRd: (-1) plan.Rd:68-74: Lost braces in \itemize; meant \describe ?
checkRd: (-1) plan.Rd:75-80: Lost braces in \itemize; meant \describe ?
Flavors: r-devel-linux-x86_64-debian-clang, r-devel-linux-x86_64-debian-gcc
Version: 1.33.0
Check: Rd \usage sections
Result: NOTE
Documented arguments not in \usage in Rd file 'mandelbrot.Rd':
‘Z’ ‘xmid’ ‘ymid’ ‘side’ ‘resolution’ ‘maxIter’ ‘tau’
Functions with \usage entries need to have the appropriate \alias
entries, and all their arguments documented.
The \usage entries must correspond to syntactically valid R code.
See chapter ‘Writing R documentation files’ in the ‘Writing R
Extensions’ manual.
Flavors: r-devel-linux-x86_64-debian-clang, r-devel-linux-x86_64-debian-gcc, r-devel-linux-x86_64-fedora-clang, r-devel-linux-x86_64-fedora-gcc, r-devel-windows-x86_64