CRAN Package Check Results for Package future.tests

Last updated on 2021-06-21 20:49:43 CEST.

Flavor Version Tinstall Tcheck Ttotal Status Flags
r-devel-linux-x86_64-debian-clang 0.2.1 6.56 98.07 104.63 NOTE
r-devel-linux-x86_64-debian-gcc 0.2.1 4.92 76.05 80.97 NOTE
r-devel-linux-x86_64-fedora-clang 0.2.1 134.77 NOTE
r-devel-linux-x86_64-fedora-gcc 0.2.1 127.57 NOTE
r-devel-windows-x86_64 0.2.1 9.00 124.00 133.00 NOTE
r-devel-windows-x86_64-gcc10-UCRT 0.2.1 NOTE
r-patched-linux-x86_64 0.2.1 6.96 98.33 105.29 NOTE
r-patched-solaris-x86 0.2.1 257.60 NOTE
r-release-linux-x86_64 0.2.1 5.82 99.02 104.84 NOTE
r-release-macos-arm64 0.2.1 NOTE
r-release-macos-x86_64 0.2.1 NOTE
r-release-windows-ix86+x86_64 0.2.1 13.00 156.00 169.00 NOTE
r-oldrel-macos-x86_64 0.2.1 OK

Check Details

Version: 0.2.1
Check: LazyData
Result: NOTE
     'LazyData' is specified without a 'data' directory
Flavors: r-devel-linux-x86_64-debian-clang, r-devel-linux-x86_64-debian-gcc, r-devel-linux-x86_64-fedora-clang, r-devel-linux-x86_64-fedora-gcc, r-devel-windows-x86_64, r-devel-windows-x86_64-gcc10-UCRT, r-patched-linux-x86_64, r-patched-solaris-x86, r-release-linux-x86_64, r-release-macos-arm64, r-release-macos-x86_64, r-release-windows-ix86+x86_64