CRAN Package Check Results for Package fuzzr

Last updated on 2021-05-15 21:46:51 CEST.

Flavor Version Tinstall Tcheck Ttotal Status Flags
r-devel-linux-x86_64-debian-clang 0.2.2 2.19 38.32 40.51 NOTE
r-devel-linux-x86_64-debian-gcc 0.2.2 1.69 28.90 30.59 NOTE
r-devel-linux-x86_64-fedora-clang 0.2.2 57.36 NOTE
r-devel-linux-x86_64-fedora-gcc 0.2.2 47.26 NOTE
r-devel-windows-ix86+x86_64 0.2.2 5.00 54.00 59.00 NOTE
r-devel-windows-x86_64-gcc10-UCRT 0.2.2 NOTE
r-patched-linux-x86_64 0.2.2 2.29 36.96 39.25 NOTE
r-patched-solaris-x86 0.2.2 66.30 NOTE
r-release-linux-x86_64 0.2.2 2.00 39.60 41.60 OK
r-release-macos-x86_64 0.2.2 OK
r-release-windows-ix86+x86_64 0.2.2 5.00 59.00 64.00 OK
r-oldrel-macos-x86_64 0.2.2 OK
r-oldrel-windows-ix86+x86_64 0.2.2 4.00 61.00 65.00 OK

Check Details

Version: 0.2.2
Check: LazyData
Result: NOTE
     'LazyData' is specified without a 'data' directory
Flavors: r-devel-linux-x86_64-debian-clang, r-devel-linux-x86_64-debian-gcc, r-devel-linux-x86_64-fedora-clang, r-devel-linux-x86_64-fedora-gcc, r-devel-windows-ix86+x86_64, r-devel-windows-x86_64-gcc10-UCRT, r-patched-linux-x86_64, r-patched-solaris-x86