CRAN Package Check Results for Package fuzzyforest

Last updated on 2019-04-24 05:48:11 CEST.

Flavor Version Tinstall Tcheck Ttotal Status Flags
r-devel-linux-x86_64-debian-clang 1.0.5 4.83 136.06 140.89 OK
r-devel-linux-x86_64-debian-gcc 1.0.5 4.28 105.20 109.48 OK
r-devel-linux-x86_64-fedora-clang 1.0.5 162.48 OK
r-devel-linux-x86_64-fedora-gcc 1.0.5 158.24 OK
r-devel-windows-ix86+x86_64 1.0.5 45.00 149.00 194.00 OK
r-patched-linux-x86_64 1.0.5 5.01 131.70 136.71 OK
r-patched-solaris-x86 1.0.5 253.30 OK
r-release-linux-x86_64 1.0.5 2.55 128.97 131.52 OK
r-release-windows-ix86+x86_64 1.0.5 15.00 194.00 209.00 OK
r-release-osx-x86_64 1.0.5 OK
r-oldrel-windows-ix86+x86_64 1.0.5 25.00 203.00 228.00 OK
r-oldrel-osx-x86_64 1.0.5 NOTE

Check Details

Version: 1.0.5
Check: package dependencies
Result: NOTE
    Package suggested but not available for checking: ‘WGCNA’
Flavor: r-oldrel-osx-x86_64