CRAN Package Check Results for Package fuzzyforest

Last updated on 2019-06-17 16:47:33 CEST.

Flavor Version Tinstall Tcheck Ttotal Status Flags
r-devel-linux-x86_64-debian-clang 1.0.5 4.02 134.90 138.92 OK
r-devel-linux-x86_64-debian-gcc 1.0.5 3.85 107.31 111.16 OK
r-devel-linux-x86_64-fedora-clang 1.0.5 163.65 OK
r-devel-linux-x86_64-fedora-gcc 1.0.5 157.66 OK
r-devel-windows-ix86+x86_64 1.0.5 52.00 145.00 197.00 OK
r-patched-linux-x86_64 1.0.5 5.43 134.23 139.66 OK
r-patched-solaris-x86 1.0.5 252.60 OK
r-release-linux-x86_64 1.0.5 4.97 132.63 137.60 OK
r-release-windows-ix86+x86_64 1.0.5 33.00 195.00 228.00 OK
r-release-osx-x86_64 1.0.5 NOTE
r-oldrel-windows-ix86+x86_64 1.0.5 18.00 193.00 211.00 OK
r-oldrel-osx-x86_64 1.0.5 OK

Check Details

Version: 1.0.5
Check: package dependencies
Result: NOTE
    Package suggested but not available for checking: ‘WGCNA’
Flavor: r-release-osx-x86_64