CRAN Package Check Results for Package fuzzyforest

Last updated on 2019-10-23 17:49:58 CEST.

Flavor Version Tinstall Tcheck Ttotal Status Flags
r-devel-linux-x86_64-debian-clang 1.0.5 5.04 139.12 144.16 OK
r-devel-linux-x86_64-debian-gcc 1.0.5 4.03 108.91 112.94 OK
r-devel-linux-x86_64-fedora-clang 1.0.5 170.90 OK
r-devel-linux-x86_64-fedora-gcc 1.0.5 166.63 OK
r-devel-windows-ix86+x86_64 1.0.5 34.00 227.00 261.00 OK
r-patched-linux-x86_64 1.0.5 4.79 133.41 138.20 OK
r-patched-solaris-x86 1.0.5 253.30 OK
r-release-linux-x86_64 1.0.5 4.42 135.01 139.43 OK
r-release-windows-ix86+x86_64 1.0.5 49.00 134.00 183.00 OK
r-release-osx-x86_64 1.0.5 NOTE
r-oldrel-windows-ix86+x86_64 1.0.5 24.00 208.00 232.00 OK
r-oldrel-osx-x86_64 1.0.5 OK

Check Details

Version: 1.0.5
Check: package dependencies
Result: NOTE
    Package suggested but not available for checking: ‘WGCNA’
Flavor: r-release-osx-x86_64