CRAN Package Check Results for Package fwi.fbp

Last updated on 2022-12-08 00:52:20 CET.

Flavor Version Tinstall Tcheck Ttotal Status Flags
r-devel-linux-x86_64-debian-clang 1.7 4.07 33.62 37.69 OK
r-devel-linux-x86_64-debian-gcc 1.7 3.04 25.06 28.10 OK
r-devel-linux-x86_64-fedora-clang 1.7 57.92 NOTE
r-devel-linux-x86_64-fedora-gcc 1.7 55.56 OK
r-devel-windows-x86_64 1.7 17.00 57.00 74.00 OK
r-patched-linux-x86_64 1.7 3.78 32.32 36.10 OK
r-release-linux-x86_64 1.7 3.50 31.93 35.43 OK
r-release-macos-arm64 1.7 16.00 OK
r-release-macos-x86_64 1.7 23.00 OK
r-release-windows-x86_64 1.7 14.00 51.00 65.00 OK
r-oldrel-macos-arm64 1.7 20.00 OK
r-oldrel-macos-x86_64 1.7 33.00 OK
r-oldrel-windows-ix86+x86_64 1.7 8.00 37.00 45.00 OK

Check Details

Version: 1.7
Check: Rd cross-references
Result: NOTE
    Undeclared package ‘cffdrs’ in Rd xrefs
Flavor: r-devel-linux-x86_64-fedora-clang