CRAN Package Check Results for Package fwi.fbp

Last updated on 2022-08-09 19:06:30 CEST.

Flavor Version Tinstall Tcheck Ttotal Status Flags
r-devel-linux-x86_64-debian-clang 1.7 4.92 37.89 42.81 NOTE
r-devel-linux-x86_64-debian-gcc 1.7 3.62 28.91 32.53 NOTE
r-devel-linux-x86_64-fedora-clang 1.7 43.76 NOTE
r-devel-linux-x86_64-fedora-gcc 1.7 59.60 NOTE
r-devel-windows-x86_64 1.7 11.00 56.00 67.00 OK
r-patched-linux-x86_64 1.7 3.71 36.27 39.98 NOTE
r-release-linux-x86_64 1.7 NOTE
r-release-macos-arm64 1.7 16.00 OK
r-release-macos-x86_64 1.7 23.00 OK
r-release-windows-x86_64 1.7 14.00 51.00 65.00 OK
r-oldrel-macos-arm64 1.7 20.00 OK
r-oldrel-macos-x86_64 1.7 33.00 OK
r-oldrel-windows-ix86+x86_64 1.7 8.00 37.00 45.00 OK

Check Details

Version: 1.7
Check: Rd cross-references
Result: NOTE
    Unknown package 'cffdrs' in Rd xrefs
Flavors: r-devel-linux-x86_64-debian-clang, r-devel-linux-x86_64-debian-gcc, r-devel-linux-x86_64-fedora-gcc, r-patched-linux-x86_64, r-release-linux-x86_64

Version: 1.7
Check: Rd cross-references
Result: NOTE
    Undeclared package ‘cffdrs’ in Rd xrefs
    Unknown package ‘cffdrs’ in Rd xrefs
Flavor: r-devel-linux-x86_64-fedora-clang