Last updated on 2023-09-21 09:57:48 CEST.
Flavor | Version | Tinstall | Tcheck | Ttotal | Status | Flags |
---|---|---|---|---|---|---|
r-devel-linux-x86_64-debian-clang | 1.6.3 | 9.08 | 104.98 | 114.06 | OK | |
r-devel-linux-x86_64-debian-gcc | 1.6.3 | 5.61 | 74.40 | 80.01 | OK | |
r-devel-linux-x86_64-fedora-clang | 1.6.3 | 137.96 | NOTE | |||
r-devel-linux-x86_64-fedora-gcc | 1.6.3 | 140.56 | OK | |||
r-devel-windows-x86_64 | 1.6.3 | 8.00 | 99.00 | 107.00 | NOTE | |
r-patched-linux-x86_64 | 1.6.3 | 9.60 | 95.24 | 104.84 | OK | |
r-release-linux-x86_64 | 1.6.3 | 7.97 | 97.10 | 105.07 | OK | |
r-release-macos-arm64 | 1.6.3 | 54.00 | NOTE | |||
r-release-macos-x86_64 | 1.6.3 | 126.00 | NOTE | |||
r-release-windows-x86_64 | 1.6.3 | 10.00 | 105.00 | 115.00 | NOTE | |
r-oldrel-macos-arm64 | 1.6.3 | 47.00 | NOTE | |||
r-oldrel-macos-x86_64 | 1.6.3 | 62.00 | NOTE | |||
r-oldrel-windows-x86_64 | 1.6.3 | 11.00 | 99.00 | 110.00 | NOTE |
Version: 1.6.3
Check: installed package size
Result: NOTE
installed size is 5.8Mb
sub-directories of 1Mb or more:
doc 1.2Mb
help 4.3Mb
Flavors: r-devel-linux-x86_64-fedora-clang, r-devel-windows-x86_64, r-release-macos-arm64, r-release-macos-x86_64, r-release-windows-x86_64, r-oldrel-macos-arm64, r-oldrel-macos-x86_64, r-oldrel-windows-x86_64