Last updated on 2023-06-11 01:53:34 CEST.
Flavor | Version | Tinstall | Tcheck | Ttotal | Status | Flags |
---|---|---|---|---|---|---|
r-devel-linux-x86_64-debian-clang | 0.3.0 | 3.31 | 33.59 | 36.90 | NOTE | |
r-devel-linux-x86_64-debian-gcc | 0.3.0 | 2.60 | 25.80 | 28.40 | NOTE | |
r-devel-linux-x86_64-fedora-clang | 0.3.0 | 45.68 | NOTE | |||
r-devel-linux-x86_64-fedora-gcc | 0.3.0 | 42.15 | NOTE | |||
r-devel-windows-x86_64 | 0.3.0 | 8.00 | 47.00 | 55.00 | NOTE | |
r-patched-linux-x86_64 | 0.3.0 | 2.31 | 31.32 | 33.63 | NOTE | |
r-release-linux-x86_64 | 0.3.0 | 3.12 | 31.82 | 34.94 | NOTE | |
r-release-macos-arm64 | 0.3.0 | 19.00 | NOTE | |||
r-release-macos-x86_64 | 0.3.0 | 27.00 | NOTE | |||
r-release-windows-x86_64 | 0.3.0 | 4.00 | 49.00 | 53.00 | NOTE | |
r-oldrel-macos-arm64 | 0.3.0 | 23.00 | NOTE | |||
r-oldrel-macos-x86_64 | 0.3.0 | 27.00 | NOTE | |||
r-oldrel-windows-x86_64 | 0.3.0 | 4.00 | 51.00 | 55.00 | NOTE |
Version: 0.3.0
Check: LazyData
Result: NOTE
'LazyData' is specified without a 'data' directory
Flavors: r-devel-linux-x86_64-debian-clang, r-devel-linux-x86_64-debian-gcc, r-devel-linux-x86_64-fedora-clang, r-devel-linux-x86_64-fedora-gcc, r-devel-windows-x86_64, r-patched-linux-x86_64, r-release-linux-x86_64, r-release-macos-arm64, r-release-macos-x86_64, r-release-windows-x86_64, r-oldrel-macos-arm64, r-oldrel-macos-x86_64, r-oldrel-windows-x86_64