CRAN Package Check Results for Package g2f

Last updated on 2022-01-24 11:52:58 CET.

Flavor Version Tinstall Tcheck Ttotal Status Flags
r-devel-linux-x86_64-debian-clang 0.2 20.35 174.73 195.08 NOTE
r-devel-linux-x86_64-debian-gcc 0.2 16.39 131.17 147.56 NOTE
r-devel-linux-x86_64-fedora-clang 0.2 232.71 NOTE
r-devel-linux-x86_64-fedora-gcc 0.2 239.48 NOTE
r-devel-windows-x86_64-new-UL 0.2 28.00 174.00 202.00 NOTE
r-devel-windows-x86_64-new-TK 0.2 NOTE
r-patched-linux-x86_64 0.2 16.46 164.69 181.15 NOTE
r-release-linux-x86_64 0.2 17.75 165.29 183.04 NOTE
r-release-macos-arm64 0.2 NOTE
r-release-macos-x86_64 0.2 NOTE
r-release-windows-ix86+x86_64 0.2 42.00 182.00 224.00 NOTE
r-oldrel-macos-x86_64 0.2 ERROR
r-oldrel-windows-ix86+x86_64 0.2 39.00 172.00 211.00 OK

Check Details

Version: 0.2
Check: LazyData
Result: NOTE
     'LazyData' is specified without a 'data' directory
Flavors: r-devel-linux-x86_64-debian-clang, r-devel-linux-x86_64-debian-gcc, r-devel-linux-x86_64-fedora-clang, r-devel-linux-x86_64-fedora-gcc, r-devel-windows-x86_64-new-UL, r-devel-windows-x86_64-new-TK, r-patched-linux-x86_64, r-release-linux-x86_64, r-release-macos-arm64, r-release-macos-x86_64, r-release-windows-ix86+x86_64

Version: 0.2
Check: package dependencies
Result: ERROR
    Package required but not available: ‘KEGGREST’
    
    See section ‘The DESCRIPTION file’ in the ‘Writing R Extensions’
    manual.
Flavor: r-oldrel-macos-x86_64