Last updated on 2023-10-01 07:52:34 CEST.
Flavor | Version | Tinstall | Tcheck | Ttotal | Status | Flags |
---|---|---|---|---|---|---|
r-devel-linux-x86_64-debian-clang | 1.1.5 | 57.85 | 613.66 | 671.51 | OK | |
r-devel-linux-x86_64-debian-gcc | 1.1.5 | 52.91 | 457.80 | 510.71 | OK | |
r-devel-linux-x86_64-fedora-clang | 1.1.5 | 869.35 | NOTE | |||
r-devel-linux-x86_64-fedora-gcc | 1.1.5 | 445.90 | OK | |||
r-devel-windows-x86_64 | 1.1.5 | 52.00 | 424.00 | 476.00 | NOTE | |
r-patched-linux-x86_64 | 1.1.5 | 55.77 | 594.02 | 649.79 | OK | |
r-release-linux-x86_64 | 1.1.5 | 58.11 | 585.66 | 643.77 | OK | |
r-release-macos-arm64 | 1.1.5 | 259.00 | NOTE | |||
r-release-macos-x86_64 | 1.1.5 | 540.00 | NOTE | |||
r-release-windows-x86_64 | 1.1.5 | 69.00 | 558.00 | 627.00 | NOTE | |
r-oldrel-macos-arm64 | 1.1.5 | 8.00 | ERROR | |||
r-oldrel-macos-x86_64 | 1.1.5 | 12.00 | ERROR | |||
r-oldrel-windows-x86_64 | 1.1.5 | 68.00 | 524.00 | 592.00 | NOTE |
Version: 1.1.5
Check: installed package size
Result: NOTE
installed size is 10.6Mb
sub-directories of 1Mb or more:
doc 9.3Mb
Flavors: r-devel-linux-x86_64-fedora-clang, r-devel-windows-x86_64, r-release-macos-arm64, r-release-macos-x86_64, r-release-windows-x86_64, r-oldrel-windows-x86_64
Version: 1.1.5
Check: package dependencies
Result: ERROR
Package required but not available: ‘cBioPortalData’
See section ‘The DESCRIPTION file’ in the ‘Writing R Extensions’
manual.
Flavors: r-oldrel-macos-arm64, r-oldrel-macos-x86_64