CRAN Package Check Results for Package g3viz

Last updated on 2021-09-27 14:48:26 CEST.

Flavor Version Tinstall Tcheck Ttotal Status Flags
r-devel-linux-x86_64-debian-clang 1.1.4 4.66 63.96 68.62 OK
r-devel-linux-x86_64-debian-gcc 1.1.4 3.35 48.04 51.39 OK
r-devel-linux-x86_64-fedora-clang 1.1.4 95.13 NOTE
r-devel-linux-x86_64-fedora-gcc 1.1.4 87.49 OK
r-devel-windows-x86_64 1.1.4 6.00 100.00 106.00 NOTE
r-devel-windows-x86_64-gcc10-UCRT 1.1.4 OK
r-patched-linux-x86_64 1.1.4 5.15 64.38 69.53 OK
r-patched-solaris-x86 1.1.4 83.50 NOTE
r-release-linux-x86_64 1.1.4 4.94 64.14 69.08 OK
r-release-macos-arm64 1.1.4 NOTE
r-release-macos-x86_64 1.1.4 NOTE
r-release-windows-ix86+x86_64 1.1.4 9.00 94.00 103.00 NOTE
r-oldrel-macos-x86_64 1.1.4 NOTE
r-oldrel-windows-ix86+x86_64 1.1.4 7.00 96.00 103.00 NOTE

Check Details

Version: 1.1.4
Check: installed package size
Result: NOTE
     installed size is 11.2Mb
     sub-directories of 1Mb or more:
     doc 9.9Mb
Flavors: r-devel-linux-x86_64-fedora-clang, r-devel-windows-x86_64, r-patched-solaris-x86, r-release-macos-arm64, r-release-macos-x86_64, r-release-windows-ix86+x86_64, r-oldrel-macos-x86_64, r-oldrel-windows-ix86+x86_64